{"id":772,"date":"2022-02-08T15:37:18","date_gmt":"2022-02-08T15:37:18","guid":{"rendered":"https:\/\/www.pelerinages-namurois.be\/?page_id=772"},"modified":"2026-03-10T14:19:34","modified_gmt":"2026-03-10T14:19:34","slug":"ados-et-jeunes-a-lourdes","status":"publish","type":"page","link":"https:\/\/www.pelerinages-namurois.be\/index.php\/ados-et-jeunes-a-lourdes\/","title":{"rendered":"Ados et jeunes \u00e0 Lourdes"},"content":{"rendered":"<p><img fetchpriority=\"high\" decoding=\"async\" class=\"alignleft\" src=\"https:\/\/www.pelerinages-namurois.be\/wp-content\/uploads\/2021\/04\/ld201.jpeg\" alt=\"\" width=\"407\" height=\"305\" \/><strong style=\"display: block; margin-left: auto; margin-right: auto;\">Dates : du 12 au 18 juillet 2026<\/strong><\/p>\n<p><span style=\"color: #003366;\"><em>Tu recherches une id\u00e9e de \u00ab\u00a0vacances\u00a0\u00bb originale, tu as soif d&rsquo;aventures, de d\u00e9couvertes&#8230; Alors viens rejoindre le groupe du P\u00e9l\u00e9-Jeunes pour une exp\u00e9rience hors du commun faite de rires, chants, rencontres, amiti\u00e9, \u00e9coute, partages, pri\u00e8res&#8230;<\/em><\/span><\/p>\n<p><span style=\"color: #003366;\"><em>Le programme est vari\u00e9 : il est con\u00e7u par et pour des jeunes. En t&rsquo;inscrivant, tu t&rsquo;engages \u00e0 participer aux activit\u00e9s propos\u00e9es. Cela facilitera ton int\u00e9gration et permettra \u00e0 l&rsquo;ensemble du groupe de vivre un s\u00e9jour des plus enrichissants.<\/em><\/span><\/p>\n<p><a href=\"https:\/\/www.pelerinages-namurois.be\/index.php\/inscription_jeunes\/\" target=\"_blank\" rel=\"noopener\"><img decoding=\"async\" src=\"https:\/\/www.pelerinages-namurois.be\/wp-content\/uploads\/2021\/04\/inscription.png\" alt=\"\" width=\"252\" height=\"58\" \/><\/a><\/p>\n<p>&nbsp;<\/p>\n<p style=\"; margin-bottom: 0cm;\"><strong>Horaires &#8211; Voyage de jour <\/strong><\/p>\n<p style=\"; margin-bottom: 0cm; text-align: justify;\">TGV affr\u00e9t\u00e9 uniquement pour les p\u00e8lerins. D\u00e9part pr\u00e9vu le matin vers 09h45. Arriv\u00e9e \u00e0 Lourdes, sans changement, vers 17h15.<\/p>\n<p style=\"; margin-bottom: 0cm; text-align: justify;\"><strong>Navettes en car (aller\/retour) Des cars sont pr\u00e9vus pour se rendre \u00e0 Tourcoing :<\/strong><\/p>\n<p><img decoding=\"async\" class=\"alignright\" src=\"https:\/\/www.pelerinages-namurois.be\/wp-content\/uploads\/2022\/02\/IMG_4475.jpg\" alt=\"\" width=\"402\" height=\"268\" \/><\/p>\n<p>Arlon &#8211; Bastogne &#8211; Libramont &#8211; Marche &#8211; Namur &#8211; Wellin.<\/p>\n<p style=\"; margin-bottom: 0cm; text-align: justify;\"><strong>Restauration \u00e0 bord du TGV :<\/strong><\/p>\n<p>Pr\u00e9voir pique-niques et boissons pour les trajets.<\/p>\n<p><strong>Programme :<\/strong><\/p>\n<p>Un programme est sp\u00e9cialement con\u00e7u pour chaque \u00e2ge. Chaque groupe est encadr\u00e9 par des animateurs exp\u00e9riment\u00e9s.<\/p>\n<ul>\n<li><strong>Pour les ados de 11 \u00e0 16 ans : <\/strong><em>Plus d\u2019informations sur Facebook : <a href=\"https:\/\/www.facebook.com\/PeleAdosNamur\" target=\"_blank\" rel=\"noopener\">P\u00e9l\u00e9 Ados Namur<\/a> ou par mail : pele.ados.namur@hotmail.com.<\/em><\/li>\n<\/ul>\n<ul>\n<li><strong>Pour les jeunes de 17 \u00e0 25 ans : <\/strong><em>Rejoins-nous sur Facebook : <a href=\"https:\/\/www.facebook.com\/PeleJeunesNamur\" target=\"_blank\" rel=\"noopener\">P\u00e9l\u00e9 Jeunes Namur<\/a>.<\/em><\/li>\n<\/ul>\n<p><strong>&#8211; prix \u00e9tudiant :<\/strong> 342 \u20ac (prix \u00e9tudiant ou demandeur d&#8217;emploi. En cas de bourse des Amis de Lourdes, nous r\u00e9clamons le montant total de celle-ci jusqu&rsquo;\u00e0 un maximum de 490 \u20ac, le prix \u00e9tudiant ne couvrant pas la totalit\u00e9 des frais expos\u00e9s).<\/p>\n<p><strong>&#8211; prix travailleur :<\/strong> 442 \u20ac<\/p>\n<p><strong>Inclus :<\/strong> transferts en car, voyage en TGV, logement en pension compl\u00e8te au Village des Jeunes, assurances assistance et annulation.<\/p>\n<p><strong>Non-inclus :<\/strong> repas dans le TGV \u00e0 l&rsquo;aller, boissons.<\/p>\n<p><strong>Transfert en car :<\/strong> un accueil par les animateurs est assur\u00e9 depuis Libramont, Wellin et Namur. Aux autres lieux d&#8217;embarquement (Arlon, Bastogne et Marche) : pas d&rsquo;accueil garanti par les animateurs.<\/p>\n<p><a href=\"https:\/\/www.pelerinages-namurois.be\/index.php\/inscription_jeunes\/\" target=\"_blank\" rel=\"noopener\"><img decoding=\"async\" src=\"https:\/\/www.pelerinages-namurois.be\/wp-content\/uploads\/2021\/04\/inscription.png\" alt=\"\" width=\"252\" height=\"58\" \/><\/a><\/p>\n","protected":false},"excerpt":{"rendered":"<p>Dates : du 12 au 18 juillet 2026 Tu recherches une id\u00e9e de \u00ab\u00a0vacances\u00a0\u00bb originale, tu as soif d&rsquo;aventures, de d\u00e9couvertes&#8230; Alors viens rejoindre le groupe du P\u00e9l\u00e9-Jeunes pour une exp\u00e9rience hors du commun faite de rires, chants, rencontres, amiti\u00e9, \u00e9coute, partages, pri\u00e8res&#8230; Le programme est vari\u00e9 : il est con\u00e7u par et pour des jeunes. En t&rsquo;inscrivant, tu t&rsquo;engages &hellip; <\/p>\n","protected":false},"author":1,"featured_media":0,"parent":0,"menu_order":0,"comment_status":"closed","ping_status":"closed","template":"","meta":{"footnotes":""},"class_list":["post-772","page","type-page","status-publish","hentry"],"_links":{"self":[{"href":"https:\/\/www.pelerinages-namurois.be\/index.php\/wp-json\/wp\/v2\/pages\/772","targetHints":{"allow":["GET"]}}],"collection":[{"href":"https:\/\/www.pelerinages-namurois.be\/index.php\/wp-json\/wp\/v2\/pages"}],"about":[{"href":"https:\/\/www.pelerinages-namurois.be\/index.php\/wp-json\/wp\/v2\/types\/page"}],"author":[{"embeddable":true,"href":"https:\/\/www.pelerinages-namurois.be\/index.php\/wp-json\/wp\/v2\/users\/1"}],"replies":[{"embeddable":true,"href":"https:\/\/www.pelerinages-namurois.be\/index.php\/wp-json\/wp\/v2\/comments?post=772"}],"version-history":[{"count":50,"href":"https:\/\/www.pelerinages-namurois.be\/index.php\/wp-json\/wp\/v2\/pages\/772\/revisions"}],"predecessor-version":[{"id":3152,"href":"https:\/\/www.pelerinages-namurois.be\/index.php\/wp-json\/wp\/v2\/pages\/772\/revisions\/3152"}],"wp:attachment":[{"href":"https:\/\/www.pelerinages-namurois.be\/index.php\/wp-json\/wp\/v2\/media?parent=772"}],"curies":[{"name":"wp","href":"https:\/\/api.w.org\/{rel}","templated":true}]}}

Ados et jeunes à Lourdes

<p><img fetchpriority="high" decoding="async" class="alignleft" src="https://www.pelerinages-namurois.be/wp-content/uploads/2021/04/ld201.jpeg" alt="" width="407" height="305" /><strong style="display: block; margin-left: auto; margin-right: auto;">Dates : du 12 au 18 juillet 2026</strong></p>
<p><span style="color: #003366;"><em>Tu recherches une idée de « vacances » originale, tu as soif d&rsquo;aventures, de découvertes&#8230; Alors viens rejoindre le groupe du Pélé-Jeunes pour une expérience hors du commun faite de rires, chants, rencontres, amitié, écoute, partages, prières&#8230;</em></span></p>
<p><span style="color: #003366;"><em>Le programme est varié : il est conçu par et pour des jeunes. En t&rsquo;inscrivant, tu t&rsquo;engages à participer aux activités proposées. Cela facilitera ton intégration et permettra à l&rsquo;ensemble du groupe de vivre un séjour des plus enrichissants.</em></span></p>
<p><a href="https://www.pelerinages-namurois.be/index.php/inscription_jeunes/" target="_blank" rel="noopener"><img decoding="async" src="https://www.pelerinages-namurois.be/wp-content/uploads/2021/04/inscription.png" alt="" width="252" height="58" /></a></p>
<p>&nbsp;</p>
<p style="; margin-bottom: 0cm;"><strong>Horaires &#8211; Voyage de jour </strong></p>
<p style="; margin-bottom: 0cm; text-align: justify;">TGV affrété uniquement pour les pèlerins. Départ prévu le matin vers 09h45. Arrivée à Lourdes, sans changement, vers 17h15.</p>
<p style="; margin-bottom: 0cm; text-align: justify;"><strong>Navettes en car (aller/retour) Des cars sont prévus pour se rendre à Tourcoing :</strong></p>
<p><img decoding="async" class="alignright" src="https://www.pelerinages-namurois.be/wp-content/uploads/2022/02/IMG_4475.jpg" alt="" width="402" height="268" /></p>
<p>Arlon &#8211; Bastogne &#8211; Libramont &#8211; Marche &#8211; Namur &#8211; Wellin.</p>
<p style="; margin-bottom: 0cm; text-align: justify;"><strong>Restauration à bord du TGV :</strong></p>
<p>Prévoir pique-niques et boissons pour les trajets.</p>
<p><strong>Programme :</strong></p>
<p>Un programme est spécialement conçu pour chaque âge. Chaque groupe est encadré par des animateurs expérimentés.</p>
<ul>
<li><strong>Pour les ados de 11 à 16 ans : </strong><em>Plus d’informations sur Facebook : <a href="https://www.facebook.com/PeleAdosNamur" target="_blank" rel="noopener">Pélé Ados Namur</a> ou par mail : pele.ados.namur@hotmail.com.</em></li>
</ul>
<ul>
<li><strong>Pour les jeunes de 17 à 25 ans : </strong><em>Rejoins-nous sur Facebook : <a href="https://www.facebook.com/PeleJeunesNamur" target="_blank" rel="noopener">Pélé Jeunes Namur</a>.</em></li>
</ul>
<p><strong>&#8211; prix étudiant :</strong> 342 € (prix étudiant ou demandeur d&#8217;emploi. En cas de bourse des Amis de Lourdes, nous réclamons le montant total de celle-ci jusqu&rsquo;à un maximum de 490 €, le prix étudiant ne couvrant pas la totalité des frais exposés).</p>
<p><strong>&#8211; prix travailleur :</strong> 442 €</p>
<p><strong>Inclus :</strong> transferts en car, voyage en TGV, logement en pension complète au Village des Jeunes, assurances assistance et annulation.</p>
<p><strong>Non-inclus :</strong> repas dans le TGV à l&rsquo;aller, boissons.</p>
<p><strong>Transfert en car :</strong> un accueil par les animateurs est assuré depuis Libramont, Wellin et Namur. Aux autres lieux d&#8217;embarquement (Arlon, Bastogne et Marche) : pas d&rsquo;accueil garanti par les animateurs.</p>
<p><a href="https://www.pelerinages-namurois.be/index.php/inscription_jeunes/" target="_blank" rel="noopener"><img decoding="async" src="https://www.pelerinages-namurois.be/wp-content/uploads/2021/04/inscription.png" alt="" width="252" height="58" /></a></p>

<p>Dates : du 12 au 18 juillet 2026 Tu recherches une idée de « vacances » originale, tu as soif d&rsquo;aventures, de découvertes&#8230; Alors viens rejoindre le groupe du Pélé-Jeunes pour une expérience hors du commun faite de rires, chants, rencontres, amitié, écoute, partages, prières&#8230; Le programme est varié : il est conçu par et pour des jeunes. En t&rsquo;inscrivant, tu t&rsquo;engages &hellip; </p>
