{"id":605,"date":"2021-05-06T08:51:13","date_gmt":"2021-05-06T08:51:13","guid":{"rendered":"https:\/\/www.pelerinages-namurois.be\/?page_id=605"},"modified":"2021-05-06T08:51:13","modified_gmt":"2021-05-06T08:51:13","slug":"nous-aider","status":"publish","type":"page","link":"https:\/\/www.pelerinages-namurois.be\/index.php\/nous-aider\/","title":{"rendered":"Nous aider"},"content":{"rendered":"<h2>Vous pouvez nous soutenir :<\/h2>\n<p style=\"margin-bottom: 0cm;\"><span style=\"color: #ffffff;\"><span style=\"background: #00397e;\">\u00a0 Par vos pri\u00e8res<br \/>\n<\/span><\/span><\/p>\n<p style=\"margin-bottom: 0cm;\"><span style=\"color: #ffffff;\"><span style=\"background: #00397e;\">\u00a0 Par vos talents, votre g\u00e9n\u00e9rosit\u00e9 :\u00a0 \u00a0 \u00a0 \u00a0<\/span><\/span><\/p>\n<ul>\n<li>\n<p style=\"margin-bottom: 0cm;\">au service des malades et moins-valides :<\/p>\n<p style=\"margin-bottom: 0cm;\">&#8211; en tant que<a href=\"index.php?option=com_content&amp;view=article&amp;id=17\">\u00a0<strong>brancardier, hospitalier<\/strong><\/a><\/p>\n<p style=\"margin-bottom: 0cm;\">&#8211; en tant que professionnel de la sant\u00e9<\/p>\n<\/li>\n<\/ul>\n<p>&nbsp;<\/p>\n<ul>\n<li>\n<p style=\"margin-bottom: 0cm;\">au service des jeunes :<\/p>\n<p style=\"margin-bottom: 0cm;\">&#8211; en tant qu\u2019animateur<\/p>\n<\/li>\n<\/ul>\n<p>&nbsp;<\/p>\n<ul>\n<li>\n<p style=\"margin-bottom: 0cm;\">au service de notre organisation :<\/p>\n<p style=\"margin-bottom: 0cm;\">&#8211; par une aide administrative ponctuelle<\/p>\n<p style=\"margin-bottom: 0cm;\">&#8211; par votre soutien financier sur notre compte\u00a0:<\/p>\n<\/li>\n<\/ul>\n<p style=\"margin-left: 1.27cm; margin-bottom: 0cm;\">BANQUE ING<\/p>\n<p style=\"margin-left: 1.27cm; margin-bottom: 0cm;\">PELERINAGES NAMUROIS A.S.B.L.<\/p>\n<p style=\"margin-left: 1.27cm; margin-bottom: 0cm;\">IBAN : BE98 3500 0380 9593<\/p>\n<p style=\"margin-left: 1.27cm; margin-bottom: 0cm;\">BIC : BBRUBEBB<\/p>\n<p style=\"margin-left: 1.27cm; margin-bottom: 0cm; text-align: left;\"><strong>Vos dons sont affect\u00e9s selon votre choix\u00a0:<\/strong><\/p>\n<p style=\"margin-left: 1.27cm; margin-bottom: 0cm; text-align: left;\">&#8211; aux malades qui voyagent avec nous,<\/p>\n<p style=\"margin-left: 1.27cm; margin-bottom: 0cm; text-align: left;\">&#8211; aux enfants de la Cr\u00e8che de Bethl\u00e9em,<\/p>\n<p style=\"margin-left: 1.27cm; margin-bottom: 0cm; text-align: left;\">&#8211; aux communaut\u00e9s chr\u00e9tiennes de Terre Sainte.<\/p>\n<p style=\"margin-left: 1.25cm; margin-bottom: 0cm; text-align: left;\">Merci de l\u2019indiquer sur le versement.<\/p>\n<p style=\"margin-left: 1.27cm; margin-bottom: 0cm;\">Les dons vers\u00e9s sur notre compte ne sont pas d\u00e9ductibles fiscalement.<\/p>\n<p style=\"margin-left: 1.25cm; margin-bottom: 0cm; text-align: left;\">\n<p style=\"margin-bottom: 0cm;\"><span class=\"Apple-style-span\" style=\"color: #ffffff;\"><span style=\"background: #00397e;\">\u00a0 Par votre participation \u00e0 la construction d&rsquo;un monde plus solidaire :<\/span><\/span><span style=\"background-color: #00397e; color: #ffffff; font-family: arial, sans-serif; font-size: 18.2px;\">\u00a0<\/span><\/p>\n<ul style=\"margin: 0px; padding-left: 20px; list-style-image: none; list-style-type: none; color: #082541; font-family: arial, sans-serif; font-size: 14px;\">\n<li>\n<p style=\"font-size: 18.2px; margin-bottom: 0cm;\"><a href=\"index.php\/les-amis-de-lourdes\">acquisition d&rsquo;une carte des Amis de Lourdes<\/a><\/p>\n<\/li>\n<\/ul>\n<p style=\"margin-bottom: 0cm;\">\n<p style=\"margin-bottom: 0cm;\">Merci \u00e0 vous\u00a0!<\/p>\n","protected":false},"excerpt":{"rendered":"<p>Vous pouvez nous soutenir : \u00a0 Par vos pri\u00e8res \u00a0 Par vos talents, votre g\u00e9n\u00e9rosit\u00e9 :\u00a0 \u00a0 \u00a0 \u00a0 au service des malades et moins-valides : &#8211; en tant que\u00a0brancardier, hospitalier &#8211; en tant que professionnel de la sant\u00e9 &nbsp; au service des jeunes : &#8211; en tant qu\u2019animateur &nbsp; au service de notre organisation : &#8211; par une aide &hellip; <\/p>\n","protected":false},"author":1,"featured_media":0,"parent":0,"menu_order":0,"comment_status":"closed","ping_status":"closed","template":"","meta":{"footnotes":""},"class_list":["post-605","page","type-page","status-publish","hentry"],"_links":{"self":[{"href":"https:\/\/www.pelerinages-namurois.be\/index.php\/wp-json\/wp\/v2\/pages\/605","targetHints":{"allow":["GET"]}}],"collection":[{"href":"https:\/\/www.pelerinages-namurois.be\/index.php\/wp-json\/wp\/v2\/pages"}],"about":[{"href":"https:\/\/www.pelerinages-namurois.be\/index.php\/wp-json\/wp\/v2\/types\/page"}],"author":[{"embeddable":true,"href":"https:\/\/www.pelerinages-namurois.be\/index.php\/wp-json\/wp\/v2\/users\/1"}],"replies":[{"embeddable":true,"href":"https:\/\/www.pelerinages-namurois.be\/index.php\/wp-json\/wp\/v2\/comments?post=605"}],"version-history":[{"count":2,"href":"https:\/\/www.pelerinages-namurois.be\/index.php\/wp-json\/wp\/v2\/pages\/605\/revisions"}],"predecessor-version":[{"id":3127,"href":"https:\/\/www.pelerinages-namurois.be\/index.php\/wp-json\/wp\/v2\/pages\/605\/revisions\/3127"}],"wp:attachment":[{"href":"https:\/\/www.pelerinages-namurois.be\/index.php\/wp-json\/wp\/v2\/media?parent=605"}],"curies":[{"name":"wp","href":"https:\/\/api.w.org\/{rel}","templated":true}]}}