{"id":603,"date":"2021-05-06T08:50:34","date_gmt":"2021-05-06T08:50:34","guid":{"rendered":"https:\/\/www.pelerinages-namurois.be\/?page_id=603"},"modified":"2026-02-24T15:05:05","modified_gmt":"2026-02-24T15:05:05","slug":"bourses-des-amis-de-lourdes","status":"publish","type":"page","link":"https:\/\/www.pelerinages-namurois.be\/index.php\/bourses-des-amis-de-lourdes\/","title":{"rendered":"Bourses des Amis de Lourdes"},"content":{"rendered":"<p><img fetchpriority=\"high\" decoding=\"async\" class=\"size-full wp-image-2934 alignleft\" src=\"https:\/\/www.pelerinages-namurois.be\/wp-content\/uploads\/2025\/11\/images.jpeg\" alt=\"\" width=\"197\" height=\"255\" \/><\/p>\n<p style=\"text-align: right;\"><a href=\"https:\/\/www.pelerinages-namurois.be\/wp-content\/uploads\/2026\/02\/A.L.-depliant-2026.pdf\" target=\"_blank\" rel=\"noopener\">T\u00e9l\u00e9chargez le d\u00e9pliant ici<\/a><\/p>\n<p style=\"text-align: right;\"><a href=\"https:\/\/www.pelerinages-namurois.be\/wp-content\/uploads\/2026\/02\/A.L.-depliant-2026.pdf\" target=\"_blank\" rel=\"noopener\"><img decoding=\"async\" class=\"wp-image-3123 alignright\" src=\"https:\/\/www.pelerinages-namurois.be\/wp-content\/uploads\/2026\/02\/bal.png\" alt=\"\" width=\"208\" height=\"451\" srcset=\"https:\/\/www.pelerinages-namurois.be\/wp-content\/uploads\/2026\/02\/bal.png 898w, https:\/\/www.pelerinages-namurois.be\/wp-content\/uploads\/2026\/02\/bal-138x300.png 138w, https:\/\/www.pelerinages-namurois.be\/wp-content\/uploads\/2026\/02\/bal-768x1666.png 768w, https:\/\/www.pelerinages-namurois.be\/wp-content\/uploads\/2026\/02\/bal-708x1536.png 708w, https:\/\/www.pelerinages-namurois.be\/wp-content\/uploads\/2026\/02\/bal-600x1302.png 600w\" sizes=\"(max-width: 208px) 100vw, 208px\" \/><\/a><\/p>\n<p><em><span style=\"color: #064e8a;\">Les bourses des Amis de Lourdes sont une belle mani\u00e8re pour soutenir la d\u00e9marche des p\u00e8lerins vers le sanctuaire de Lourdes.<\/span><\/em><\/p>\n<p><em><span style=\"color: #064e8a;\">Elles sont constitu\u00e9es par les cotisations des membres et attribu\u00e9es par tirage au sort.<\/span><\/em><\/p>\n<p><em><span style=\"color: #064e8a;\">Le p\u00e8lerin qui a la chance de b\u00e9n\u00e9ficier d\u2019une bourse va ainsi porter \u00e0 Lourdes ses pri\u00e8res personnelles, mais aussi toutes les intentions du doyenn\u00e9.<\/span><\/em><\/p>\n<p><em><span style=\"color: #064e8a;\">Les Bourses des Amis de Lourdes sont valables pour tous les p\u00e8lerinages \u00e0 Lourdes organis\u00e9s par une association dioc\u00e9saine reconnue par l&rsquo;\u00e9v\u00each\u00e9 (les P\u00e8lerinages Namurois, les P\u00e8lerinages dioc\u00e9sains de Tournai, les P\u00e8lerinages Montfortains, les P\u00e8lerinages Dioc\u00e9sains de Li\u00e8ge, de Malines-Bruxelles &#8230;).<\/span><\/em><\/p>\n<p><em><span style=\"color: #064e8a;\">Si vous b\u00e9n\u00e9ficiez d&rsquo;une bourse, renseignez-le sur le bulletin d&rsquo;inscription et d\u00e9comptez le montant.<\/span><\/em><\/p>\n<p style=\"text-align: justify;\"><em><span style=\"color: #064e8a;\">Attention :<\/span><\/em><\/p>\n<p style=\"text-align: justify;\"><em><span style=\"color: #064e8a;\">&#8211; Si vous avez re\u00e7u une attestation, joignez-la \u00e0 votre bulletin d&rsquo;inscription.<\/span><\/em><\/p>\n<p style=\"text-align: justify;\"><em><span style=\"color: #064e8a;\">&#8211; Dans le cas o\u00f9 il s&rsquo;agit d&rsquo;une bourse qu&rsquo;on vous a donn\u00e9e, vous devez y joindre un document sign\u00e9 du donateur certifiant qu&rsquo;il vous c\u00e8de bien la bourse.<\/span><\/em><\/p>\n<p style=\"text-align: justify;\"><span style=\"color: #d47f00;\"><strong>Pour conna\u00eetre le montant, la dur\u00e9e de validit\u00e9, les conditions d&rsquo;utilisation de la bourse <\/strong><strong>ou pour tout renseignement sur les bourses des Amis de Lourdes, n&rsquo;h\u00e9sitez pas \u00e0 consulter le responsable du comit\u00e9 qui les d\u00e9livre :<\/strong><\/span><\/p>\n<p><strong>\u00a0 \u00a0&#8211; Amis de Lourdes d&rsquo;Andenne :<\/strong>\u00a0contactez le secr\u00e9tariat des P\u00e8lerinages Namurois : 081\/22 19 68 &#8211; contact@terredesens.be<\/p>\n<p><strong>\u00a0 \u00a0&#8211; Amis de Lourdes d&rsquo;Arlon :\u00a0<\/strong>square Albert Ier, 31 &#8211; 6700 &#8211; ARLON<\/p>\n<p style=\"padding-left: 40px;\">C<span lang=\"FR\">ontact : M. Jean-Claude PLOMPTEUX &#8211; 063\/60 23 01 &#8211; 0478\/81 25 86 &#8211; jean.cl.plompteux@skynet.be<\/span><\/p>\n<p style=\"padding-left: 40px;\"><a href=\"https:\/\/unite-pastorale-arlon.com\" target=\"_blank\" rel=\"noopener\">https:\/\/unite-pastorale-arlon.com<\/a><\/p>\n<p><strong>\u00a0 \u00a0&#8211; Amis de Lourdes de Barvaux-sur-Ourthe :<\/strong> rue Petit-Barvaux, 70 &#8211; 6940 &#8211; DURBUY<\/p>\n<p style=\"padding-left: 40px;\">C<span lang=\"FR\">ontact : M.<\/span><span lang=\"FR\">\u00a0Claude LEONARD<\/span>\u00a0&#8211; 086\/21.11.94 &#8211; 0498\/46 62 89 &#8211; leonardclaude36@gmail.com<\/p>\n<p><strong>\u00a0 \u00a0&#8211; Amis de Lourdes de Bastogne :<\/strong> rue Michamps, 24 A &#8211; 6600 &#8211; BASTOGNE<\/p>\n<p style=\"padding-left: 40px;\">C<span lang=\"FR\">ontact : <\/span><span lang=\"FR\">Mme Ren\u00e9e\u00a0<\/span>ROULING\u00a0&#8211; 061\/21.48.30 &#8211; 0494\/46 87 18 &#8211; reneerouling@gmail.com<\/p>\n<p><strong>\u00a0 \u00a0&#8211; Amis de Lourdes de Bertrix :\u00a0<\/strong>rue du Culot, 5 &#8211; 6880 BERTRIX &#8211; www.upbertrix.be<\/p>\n<p style=\"padding-left: 40px;\">C<span lang=\"FR\">ontacts : . <\/span><span lang=\"FR\">M. Edgar BAUDHUIN &#8211; 0477\/801 512 &#8211; edgar.baudhuin@gmail.com<\/span><\/p>\n<p>\u00a0 \u00a0 \u00a0 \u00a0 \u00a0 \u00a0 \u00a0 \u00a0 \u00a0 \u00a0 \u00a0 \u00a0 \u00a0 \u00a0 \u00a0 . abb\u00e9 Tomasz KANIA &#8211; 0471\/69 73 85 &#8211; tomaszkaniaa@yahoo.fr<\/p>\n<p><strong>\u00a0 \u00a0&#8211; Amis de Lourdes de Bouillon :\u00a0<\/strong>rue de la sentinelle, 31 &#8211; 6831 NOIREFONTAINE<\/p>\n<p style=\"padding-left: 40px;\">C<span lang=\"FR\">ontacts : . <\/span><span lang=\"FR\">Mme Anne-Marie BERTRAND &#8211; 061\/46 72 43 &#8211; 0477\/68 22 81 &#8211; anniebertrand@hotmail.be<\/span><\/p>\n<p>\u00a0 \u00a0 \u00a0 \u00a0 \u00a0 \u00a0 \u00a0 \u00a0 \u00a0 \u00a0 \u00a0 \u00a0 \u00a0 \u00a0 \u00a0 . Mme Catherine CLEMENT &#8211; 061\/46 42 27 &#8211; 0483\/07 41 68<\/p>\n<p><strong>\u00a0 \u00a0&#8211; Amis\u00a0de Lourdes de Ciney :<\/strong>\u00a0contactez le secr\u00e9tariat des P\u00e8lerinages Namurois : 081\/22 19 68 &#8211; contact@terredesens.be<\/p>\n<p><strong>\u00a0 \u00a0&#8211; Amis de Lourdes de Couvin :\u00a0<\/strong>rue de la falaise, 103 &#8211; 5660 &#8211; COUVIN<\/p>\n<p style=\"padding-left: 40px;\">\u00a0 \u00a0C<span lang=\"FR\">ontact : Mme Solange LEJEUNE<\/span> &#8211; 060\/34 75 66 &#8211; 0471\/23 81 50 &#8211; solange.magotteaux@skynet.be<\/p>\n<p><strong>\u00a0 \u00a0&#8211; Amis de Lourdes de Dinant :<\/strong> rue du Tchaurnia, 39 &#8211; 5560 &#8211; MESNIL-ST-BLAISE<\/p>\n<p style=\"padding-left: 40px;\"><strong>\u00a0 \u00a0<\/strong>C<span lang=\"FR\">ontact : Mme<\/span><span lang=\"FR\">\u00a0Marcelle SCAILTEUR<\/span>\u00a0&#8211; 082\/74.49.11 &#8211; 0474\/37 33 14 &#8211; m.scailteur@skynet.be<\/p>\n<p><strong>\u00a0 \u00a0&#8211; Amis de Lourdes de Florenville :\u00a0<\/strong>rue de Cornicelles, 24 &#8211; 6810 CHINY<\/p>\n<p style=\"padding-left: 40px;\">C<span lang=\"FR\">ontacts : . <\/span><span lang=\"FR\">M. Marcel PIERRARD &#8211; 061\/32 08 54 &#8211; 0473\/61 54 76 &#8211; pierrard.marcel@gmail.com<\/span><\/p>\n<p>\u00a0 \u00a0 \u00a0 \u00a0 \u00a0 \u00a0 \u00a0 \u00a0 \u00a0 \u00a0 \u00a0 \u00a0 \u00a0 \u00a0 \u00a0 . abb\u00e9 Jean-Louis BRION &#8211; 061\/31 10 35 &#8211; 0479\/66 93 20 &#8211; jl.brion@skynet.be<\/p>\n<p><strong>\u00a0 \u00a0&#8211; Amis de Lourdes de Fosse-la-Ville :<\/strong>\u00a0ch. de Charleroi, 119 &#8211; 5070 &#8211; VITRIVAL<\/p>\n<p style=\"padding-left: 40px;\"><strong>\u00a0 \u00a0<\/strong>C<span lang=\"FR\">ontact : Mme Jacqueline SPINEUX<\/span>\u00a0&#8211; 0496\/91 97 47 &#8211; jacqueline.spineux@gmail.com<\/p>\n<p><strong>\u00a0 \u00a0&#8211; Amis\u00a0de Lourdes de Gedinne :<\/strong> Rue de Sedan 27 H &#8211; 5555 &#8211; BAILLAMONT<\/p>\n<p style=\"padding-left: 40px;\">\u00a0 \u00a0Contact : M. Francis MARTIN &#8211; 061\/51 16 77 &#8211; 0478\/21 11 31 &#8211; francismartineloi@gmail.com<\/p>\n<p><strong>\u00a0 \u00a0&#8211; Amis\u00a0de Lourdes de Gembloux :<\/strong>\u00a0contactez le secr\u00e9tariat des P\u00e8lerinages Namurois : 081\/22 19 68 &#8211; contact@terredesens.be<\/p>\n<p><strong>\u00a0 \u00a0&#8211; Amis de Lourdes de Habay-Etalle :\u00a0<\/strong>Rue Andr\u00e9 Chavez 25 &#8211; 6741 VANCE<\/p>\n<p style=\"padding-left: 40px;\">\u00a0 \u00a0Contact : M. Georges BALON &#8211; 063\/45 56 61 &#8211; gorgesbalon51@gmail.com<\/p>\n<p><strong>\u00a0 \u00a0&#8211; Amis\u00a0de Lourdes de Jambes :<\/strong>\u00a0contactez le secr\u00e9tariat des P\u00e8lerinages Namurois : 081\/22 19 68 &#8211; contact@terredesens.be<\/p>\n<p><strong>\u00a0 \u00a0&#8211; Amis de Lourdes de La Haute-S\u00fbre :<\/strong> Venelle Saint-Antoine, 52 &#8211; 6637 FAUVILLERS<\/p>\n<p style=\"padding-left: 40px;\">\u00a0C<span lang=\"FR\">ontacts : . M.<\/span><span lang=\"FR\"> Roger KAUFFMANN<\/span> &#8211; 063\/60 12 13 &#8211; les.frenes@skynet.be<\/p>\n<p style=\"padding-left: 40px;\">\u00a0 \u00a0 \u00a0 \u00a0 \u00a0 \u00a0 \u00a0 \u00a0 \u00a0 \u00a0 . Mme Myriam STILMANT : 0489\/56 72 16 &#8211; myriam.stilmant@hotmail.com<\/p>\n<p><strong>\u00a0 \u00a0&#8211; Amis de Lourdes de La Roche-en-Ardenne :<\/strong> Chemin de Herdaw\u00e9, 3 &#8211; 6980 BEAUSAINT<\/p>\n<p style=\"padding-left: 40px;\"><strong>\u00a0 \u00a0<\/strong>C<span lang=\"FR\">ontact : M.<\/span><span lang=\"FR\">\u00a0Roger DUPONT<\/span> &#8211; 0475\/43 80 62 &#8211; rogdupont@hotmail.com<\/p>\n<p><strong>\u00a0 \u00a0&#8211; Amis de Lourdes de Marche-en-Famenne :<\/strong> rue des R\u00e9sistants, 4 &#8211; 6900 MARCHE-EN-FAMENNE<\/p>\n<p style=\"padding-left: 40px;\"><strong>\u00a0 \u00a0<\/strong>C<span lang=\"FR\">ontact : M.<\/span><span lang=\"FR\">\u00a0Jean-Marie NOIRHOMME<\/span>\u00a0&#8211; 0478\/06 00 78<\/p>\n<p><strong>\u00a0 \u00a0&#8211; Amis de Lourdes de Messancy :\u00a0<\/strong>Rue Albert 1er, 189 &#8211; 6780 WOLKRANGE<\/p>\n<p style=\"padding-left: 40px;\">\u00a0 \u00a0C<span lang=\"FR\">ontacts : . abb\u00e9 Bernard SAINTMARD<\/span> &#8211; 063\/23 92 80 &#8211; saintmard.bernard@gmail.com<\/p>\n<p style=\"padding-left: 40px;\">\u00a0 \u00a0 \u00a0 \u00a0 \u00a0 \u00a0 \u00a0 \u00a0 \u00a0 \u00a0 \u00a0 . abb\u00e9 Patrick GRAAS : 063\/37 04 25 &#8211; 0476\/50 04 78 &#8211; patrick.graas@skynet.be<\/p>\n<p><strong>\u00a0 \u00a0&#8211; Amis de Lourdes de Namur :<\/strong> Rue des Faucons, 21 &#8211; 5004 BOUGE<\/p>\n<p style=\"padding-left: 40px;\"><strong>\u00a0 \u00a0<\/strong>C<span lang=\"FR\">ontact : Mme Catherine GUILLAUME<\/span>\u00a0&#8211; 081\/21 49 66 &#8211; 0474\/42 49 87 &#8211; amisdelourdes.namur@gmail.com<\/p>\n<p><strong>\u00a0 \u00a0&#8211; Amis\u00a0de Lourdes de Neufch\u00e2teau :<\/strong> rue de la scierie, 4 &#8211; 6800 LIBRAMONT<\/p>\n<p style=\"padding-left: 40px;\"><strong>\u00a0 \u00a0<\/strong>C<span lang=\"FR\">ontact : M. Philippe TOUILLAUX<\/span> &#8211; 061\/22 32 27 &#8211;\u00a0 0476\/38 55 13 &#8211; touillaux.philippe@gmail.com<\/p>\n<p><strong>\u00a0 \u00a0&#8211; Amis de Lourdes de Ourthe et\u00a0Salm\u00a0:<\/strong> rue la Caserne, 6 &#8211; 6660 HOUFFALIZE<\/p>\n<p style=\"padding-left: 40px;\"><strong>\u00a0 \u00a0<\/strong>C<span lang=\"FR\">ontact : Mme<\/span><span lang=\"FR\">\u00a0Marie-Agn\u00e8s CLAUDE<\/span>\u00a0&#8211; 061\/28 92 14 &#8211; 0474\/42 40 98 &#8211; close_gerard@hotmail.com<\/p>\n<p style=\"padding-left: 40px;\"><a href=\"https:\/\/www.unite-pastorale-sainte-cecile.be\/les-activites-au-sein-de-l-unite-pastorale\" target=\"_blank\" rel=\"noopener\">\u00a0 \u00a0https:\/\/www.unite-pastorale-sainte-cecile.be\/les-activites-au-sein-de-l-unite-pastorale<\/a><\/p>\n<p><strong>\u00a0 \u00a0&#8211; Amis\u00a0de Lourdes de Rochefort :<\/strong> abb\u00e9 Jules Solot &#8211; T\u00e9l : 084\/211277 &#8211; Gsm : 0472\/665733 &#8211;\u00a0solotrochefort@yahoo.be<\/p>\n<p style=\"padding-left: 40px;\"><strong>\u00a0 \u00a0<\/strong>ou Mme Heller-Vaguener Lise-Marie &#8211; 084\/213253 &#8211; 0475\/437767 &#8211;\u00a0vaguenerlm1949@gmail.com<\/p>\n<p><strong>\u00a0 \u00a0&#8211; Amis\u00a0de Lourdes de St-Hubert :<\/strong>\u00a0contactez le secr\u00e9tariat des P\u00e8lerinages Namurois : 081\/22 19 68 &#8211; contact@terredesens.be<\/p>\n<p><strong>\u00a0 \u00a0&#8211; Amis\u00a0de Lourdes de Sibret :<\/strong>\u00a0contactez le secr\u00e9tariat des P\u00e8lerinages Namurois : 081\/22 19 68 &#8211; contact@terredesens.be<\/p>\n<p><strong>\u00a0 \u00a0&#8211; Amis\u00a0de Lourdes du Val-de-Sambre :<\/strong> Mme Bernadette Duch\u00eane &#8211; bedubaulet@yahoo.fr &#8211; 0477\/327 541<\/p>\n<p style=\"padding-left: 40px;\">ou Mme Wally Della Faille &#8211; 0472\/29 50 77 &#8211; wallydf@gmail.com<\/p>\n<p><strong>\u00a0 \u00a0&#8211; Amis de Lourdes de Virton :<\/strong> <span lang=\"FR\">Rue Centrale 7 &#8211; 6767 HARNONCOURT<\/span><\/p>\n<p style=\"padding-left: 40px;\"><strong>\u00a0 <\/strong>C<span lang=\"FR\">ontact : Mme Myriam HESBOIS &#8211; 063\/57 82 44 &#8211; 0475\/89 74 77 &#8211; myri.hesbois@gmail.com<\/span><\/p>\n","protected":false},"excerpt":{"rendered":"<p>T\u00e9l\u00e9chargez le d\u00e9pliant ici Les bourses des Amis de Lourdes sont une belle mani\u00e8re pour soutenir la d\u00e9marche des p\u00e8lerins vers le sanctuaire de Lourdes. Elles sont constitu\u00e9es par les cotisations des membres et attribu\u00e9es par tirage au sort. Le p\u00e8lerin qui a la chance de b\u00e9n\u00e9ficier d\u2019une bourse va ainsi porter \u00e0 Lourdes ses pri\u00e8res personnelles, mais aussi toutes &hellip; <\/p>\n","protected":false},"author":1,"featured_media":0,"parent":0,"menu_order":0,"comment_status":"closed","ping_status":"closed","template":"","meta":{"footnotes":""},"class_list":["post-603","page","type-page","status-publish","hentry"],"_links":{"self":[{"href":"https:\/\/www.pelerinages-namurois.be\/index.php\/wp-json\/wp\/v2\/pages\/603","targetHints":{"allow":["GET"]}}],"collection":[{"href":"https:\/\/www.pelerinages-namurois.be\/index.php\/wp-json\/wp\/v2\/pages"}],"about":[{"href":"https:\/\/www.pelerinages-namurois.be\/index.php\/wp-json\/wp\/v2\/types\/page"}],"author":[{"embeddable":true,"href":"https:\/\/www.pelerinages-namurois.be\/index.php\/wp-json\/wp\/v2\/users\/1"}],"replies":[{"embeddable":true,"href":"https:\/\/www.pelerinages-namurois.be\/index.php\/wp-json\/wp\/v2\/comments?post=603"}],"version-history":[{"count":59,"href":"https:\/\/www.pelerinages-namurois.be\/index.php\/wp-json\/wp\/v2\/pages\/603\/revisions"}],"predecessor-version":[{"id":3126,"href":"https:\/\/www.pelerinages-namurois.be\/index.php\/wp-json\/wp\/v2\/pages\/603\/revisions\/3126"}],"wp:attachment":[{"href":"https:\/\/www.pelerinages-namurois.be\/index.php\/wp-json\/wp\/v2\/media?parent=603"}],"curies":[{"name":"wp","href":"https:\/\/api.w.org\/{rel}","templated":true}]}}