{"id":353,"date":"2021-04-15T10:09:25","date_gmt":"2021-04-15T10:09:25","guid":{"rendered":"https:\/\/www.pelerinages-namurois.be\/?page_id=353"},"modified":"2025-04-17T13:54:30","modified_gmt":"2025-04-17T13:54:30","slug":"pelerinages-virtuels-nos-videos","status":"publish","type":"page","link":"https:\/\/www.pelerinages-namurois.be\/index.php\/pelerinages-virtuels-nos-videos\/","title":{"rendered":"Podcasts et vid\u00e9os"},"content":{"rendered":"<div class=\"page-header\">\n<p><strong>Visionnez nos vid\u00e9os pour vivre un p\u00e8lerinage \u00ab\u00a0autrement\u00a0\u00bb !<\/strong><\/p>\n<\/div>\n<div class=\"gk-article\">\n<p><a href=\"https:\/\/www.cathobel.be\/podcast\/marcher-vers-la-source-lexperience-du-pelerinage\/\">&#8211; Marcher vers la source: l\u2019exp\u00e9rience du p\u00e8lerinage (cliquez ici)<\/a><\/p>\n<p><a href=\"https:\/\/www.youtube.com\/watch?v=Q-I5dMR9JI8&amp;t=345s\" target=\"_blank\" rel=\"noopener\">&#8211; Le p\u00e8lerinage, image de la foi chr\u00e9tienne (cliquez ici)<\/a><\/p>\n<p><a href=\"https:\/\/www.youtube.com\/watch?v=5z9sgTsohaI&amp;list=PLNXxfJksU8tX_lazuYI4Gc1lzkgcft6DV\" target=\"_blank\" rel=\"noopener\">&#8211;\u00a0Parcours biblique en Terre Sainte\u00a0(cliquez ici)<\/a><\/p>\n<p><a href=\"https:\/\/www.youtube.com\/watch?v=ufedTanNa08&amp;list=PLNXxfJksU8tVqh6Gpl-smw1NKbD9Pf9D6\" target=\"_blank\" rel=\"noopener\">&#8211; 2020 : P\u00e8lerinage virtuel \u00e0 Lourdes du mois de mai (cliquez ici)<\/a><\/p>\n<p><a href=\"https:\/\/www.youtube.com\/watch?v=Q9A3_NJHcxU&amp;list=PLNXxfJksU8tWgr9VnXjqLOsAPA5QXScyF\" target=\"_blank\" rel=\"noopener\">&#8211; 2020 : P\u00e8lerinage virtuel \u00e0 Lourdes du mois de juillet (cliquez ici)<\/a><\/p>\n<p><a href=\"https:\/\/www.youtube.com\/watch?v=YC4OFTRGHdM&amp;list=PLNXxfJksU8tV6M42XZUEq7WLwWb8eOo9T\" target=\"_blank\" rel=\"noopener\">&#8211; 2020 : P\u00e8lerinage virtuel \u00e0 Lourdes du mois de septembre (cliquez ici)<\/a><\/p>\n<p><a href=\"https:\/\/www.youtube.com\/watch?v=goINxUypPso&amp;list=PLNXxfJksU8tXqei-mxnIAUm7LooQahObq\" target=\"_blank\" rel=\"noopener\">&#8211; S\u00e9rie de vid\u00e9os sur le p\u00e8lerinage \u00e0 Lourdes du mois de septembre 2021 (cliquez ici)<\/a><\/p>\n<\/div>\n","protected":false},"excerpt":{"rendered":"<p>Visionnez nos vid\u00e9os pour vivre un p\u00e8lerinage \u00ab\u00a0autrement\u00a0\u00bb ! &#8211; Marcher vers la source: l\u2019exp\u00e9rience du p\u00e8lerinage (cliquez ici) &#8211; Le p\u00e8lerinage, image de la foi chr\u00e9tienne (cliquez ici) &#8211;\u00a0Parcours biblique en Terre Sainte\u00a0(cliquez ici) &#8211; 2020 : P\u00e8lerinage virtuel \u00e0 Lourdes du mois de mai (cliquez ici) &#8211; 2020 : P\u00e8lerinage virtuel \u00e0 Lourdes du mois de juillet (cliquez &hellip; <\/p>\n","protected":false},"author":1,"featured_media":0,"parent":0,"menu_order":0,"comment_status":"closed","ping_status":"closed","template":"","meta":{"footnotes":""},"class_list":["post-353","page","type-page","status-publish","hentry"],"_links":{"self":[{"href":"https:\/\/www.pelerinages-namurois.be\/index.php\/wp-json\/wp\/v2\/pages\/353","targetHints":{"allow":["GET"]}}],"collection":[{"href":"https:\/\/www.pelerinages-namurois.be\/index.php\/wp-json\/wp\/v2\/pages"}],"about":[{"href":"https:\/\/www.pelerinages-namurois.be\/index.php\/wp-json\/wp\/v2\/types\/page"}],"author":[{"embeddable":true,"href":"https:\/\/www.pelerinages-namurois.be\/index.php\/wp-json\/wp\/v2\/users\/1"}],"replies":[{"embeddable":true,"href":"https:\/\/www.pelerinages-namurois.be\/index.php\/wp-json\/wp\/v2\/comments?post=353"}],"version-history":[{"count":15,"href":"https:\/\/www.pelerinages-namurois.be\/index.php\/wp-json\/wp\/v2\/pages\/353\/revisions"}],"predecessor-version":[{"id":2880,"href":"https:\/\/www.pelerinages-namurois.be\/index.php\/wp-json\/wp\/v2\/pages\/353\/revisions\/2880"}],"wp:attachment":[{"href":"https:\/\/www.pelerinages-namurois.be\/index.php\/wp-json\/wp\/v2\/media?parent=353"}],"curies":[{"name":"wp","href":"https:\/\/api.w.org\/{rel}","templated":true}]}}

Podcasts et vidéos

<div class="page-header">
<p><strong>Visionnez nos vidéos pour vivre un pèlerinage « autrement » !</strong></p>
</div>
<div class="gk-article">
<p><a href="https://www.cathobel.be/podcast/marcher-vers-la-source-lexperience-du-pelerinage/">&#8211; Marcher vers la source: l’expérience du pèlerinage (cliquez ici)</a></p>
<p><a href="https://www.youtube.com/watch?v=Q-I5dMR9JI8&amp;t=345s" target="_blank" rel="noopener">&#8211; Le pèlerinage, image de la foi chrétienne (cliquez ici)</a></p>
<p><a href="https://www.youtube.com/watch?v=5z9sgTsohaI&amp;list=PLNXxfJksU8tX_lazuYI4Gc1lzkgcft6DV" target="_blank" rel="noopener">&#8211; Parcours biblique en Terre Sainte (cliquez ici)</a></p>
<p><a href="https://www.youtube.com/watch?v=ufedTanNa08&amp;list=PLNXxfJksU8tVqh6Gpl-smw1NKbD9Pf9D6" target="_blank" rel="noopener">&#8211; 2020 : Pèlerinage virtuel à Lourdes du mois de mai (cliquez ici)</a></p>
<p><a href="https://www.youtube.com/watch?v=Q9A3_NJHcxU&amp;list=PLNXxfJksU8tWgr9VnXjqLOsAPA5QXScyF" target="_blank" rel="noopener">&#8211; 2020 : Pèlerinage virtuel à Lourdes du mois de juillet (cliquez ici)</a></p>
<p><a href="https://www.youtube.com/watch?v=YC4OFTRGHdM&amp;list=PLNXxfJksU8tV6M42XZUEq7WLwWb8eOo9T" target="_blank" rel="noopener">&#8211; 2020 : Pèlerinage virtuel à Lourdes du mois de septembre (cliquez ici)</a></p>
<p><a href="https://www.youtube.com/watch?v=goINxUypPso&amp;list=PLNXxfJksU8tXqei-mxnIAUm7LooQahObq" target="_blank" rel="noopener">&#8211; Série de vidéos sur le pèlerinage à Lourdes du mois de septembre 2021 (cliquez ici)</a></p>
</div>

<p>Visionnez nos vidéos pour vivre un pèlerinage « autrement » ! &#8211; Marcher vers la source: l’expérience du pèlerinage (cliquez ici) &#8211; Le pèlerinage, image de la foi chrétienne (cliquez ici) &#8211; Parcours biblique en Terre Sainte (cliquez ici) &#8211; 2020 : Pèlerinage virtuel à Lourdes du mois de mai (cliquez ici) &#8211; 2020 : Pèlerinage virtuel à Lourdes du mois de juillet (cliquez &hellip; </p>
