{"id":2272,"date":"2024-02-08T09:59:20","date_gmt":"2024-02-08T09:59:20","guid":{"rendered":"https:\/\/www.pelerinages-namurois.be\/?page_id=2272"},"modified":"2024-02-15T10:13:37","modified_gmt":"2024-02-15T10:13:37","slug":"turquie","status":"publish","type":"page","link":"https:\/\/www.pelerinages-namurois.be\/index.php\/turquie\/","title":{"rendered":"Turquie de l&rsquo;ouest"},"content":{"rendered":"<p><img fetchpriority=\"high\" decoding=\"async\" class=\"wp-image-2275 alignleft\" src=\"https:\/\/www.pelerinages-namurois.be\/wp-content\/uploads\/2024\/02\/DSC00693-Istanbul-Ste-Sophie-scaled.jpg\" alt=\"\" width=\"357\" height=\"534\" srcset=\"https:\/\/www.pelerinages-namurois.be\/wp-content\/uploads\/2024\/02\/DSC00693-Istanbul-Ste-Sophie-scaled.jpg 1714w, https:\/\/www.pelerinages-namurois.be\/wp-content\/uploads\/2024\/02\/DSC00693-Istanbul-Ste-Sophie-201x300.jpg 201w, https:\/\/www.pelerinages-namurois.be\/wp-content\/uploads\/2024\/02\/DSC00693-Istanbul-Ste-Sophie-768x1147.jpg 768w, https:\/\/www.pelerinages-namurois.be\/wp-content\/uploads\/2024\/02\/DSC00693-Istanbul-Ste-Sophie-1028x1536.jpg 1028w, https:\/\/www.pelerinages-namurois.be\/wp-content\/uploads\/2024\/02\/DSC00693-Istanbul-Ste-Sophie-1371x2048.jpg 1371w, https:\/\/www.pelerinages-namurois.be\/wp-content\/uploads\/2024\/02\/DSC00693-Istanbul-Ste-Sophie-600x896.jpg 600w\" sizes=\"(max-width: 357px) 100vw, 357px\" \/><strong>Dates :<\/strong> du 12 au 20 novembre 2024<\/p>\n<p style=\"text-align: justify;\"><strong>Animation :<\/strong> M. l&rsquo;abb\u00e9 Anastas Sabw\u00e9, cur\u00e9 d\u2019Yvoir.<\/p>\n<p><a href=\"https:\/\/www.pelerinages-namurois.be\/index.php\/inscription-turquie\/\" target=\"_blank\" rel=\"noopener\"><img decoding=\"async\" class=\"alignnone wp-image-192\" src=\"https:\/\/www.pelerinages-namurois.be\/wp-content\/uploads\/2021\/04\/inscription.png\" alt=\"\" width=\"269\" height=\"62\" \/><\/a><\/p>\n<p style=\"text-align: justify;\"><span style=\"color: #000080;\"><em>C\u2019est dans un esprit de d\u00e9couverte de nos origines chr\u00e9tiennes que nous vous invitons \u00e0 parcourir nombre de hauts-lieux symboliques o\u00f9 saint Jean, sainte Marie-Madeleine et la Sainte Vierge ont v\u00e9cu. Creuset de civilisations, la Turquie est aussi un exceptionnel trait d\u2019union entre le monde europ\u00e9en et le Moyen-Orient. Ses envahisseurs ont laiss\u00e9 leurs traces dans le pays : Byzance, Constantinople, Istanbul\u2026 autant de noms que d\u2019\u00e9tapes historiques et religieuses franchies depuis les premi\u00e8res communaut\u00e9s chr\u00e9tiennes \u00e9tablies par Paul jusqu\u2019au 21<span class=\"s2\"><sup>e<\/sup><\/span>\u00a0si\u00e8cle majoritairement musulman. Rares sont les pays dans le monde qui offrent une telle densit\u00e9 de sites historiques dans un cadre aussi vari\u00e9 : mer turquoise, montagnes, fleuves mythiques, paysages lunaires\u2026 <\/em><\/span><\/p>\n<p class=\"p1\" style=\"text-align: justify;\"><span class=\"s1\"><b>Programme :<\/b><\/span><\/p>\n<p class=\"p1\" style=\"text-align: justify;\"><strong><span class=\"s1\">1<\/span><span class=\"s2\"><sup>er<\/sup><\/span><\/strong><span class=\"s1\"><strong> jour :<\/strong> <\/span><span class=\"s3\">vol le matin de Bruxelles vers Istanbul, arriv\u00e9e en milieu d\u2019apr\u00e8s-midi. Premier tour de la ville, transfert et installation pour 3 nuits \u00e0 l\u2019h\u00f4tel Selenay Istanbul (3*** normes locales).<\/span><\/p>\n<p class=\"p1\" style=\"text-align: justify;\"><strong><span class=\"s1\">2<\/span><span class=\"s2\"><sup>e<\/sup><\/span><span class=\"s1\"> jour : <\/span><\/strong><span class=\"s3\">Istanbul : visite du palais Topkapi, si\u00e8ge culturel et administratif de l\u2019\u00e8re ottomane \u00e9tabli au 15<\/span><span class=\"s4\"><sup>e<\/sup><\/span><span class=\"s3\">\u00a0si\u00e8cle. Visite du march\u00e9 aux \u00e9pices, croisi\u00e8re en bateau priv\u00e9 sur le Bosphore, visite de la cath\u00e9drale du Saint-Esprit, principal \u00e9difice catholique de la ville. Temps libre.<\/span><\/p>\n<p class=\"p1\" style=\"text-align: justify;\"><strong><span class=\"s1\">3<\/span><span class=\"s2\"><sup>e<\/sup><\/span><span class=\"s1\"> jour <\/span><\/strong><span class=\"s3\"><strong>:<\/strong> visite de l\u2019Hippodrome, qui \u00e9tait le Centre de la vie sociale et culturelle de Constantinople ; la Mosqu\u00e9e Bleue, le plus grand lieu de culte musulman d\u2019Istanbul\u00a0; la Basilique Sainte Sophie, ancien lieu de culte chr\u00e9tien transform\u00e9 en mosqu\u00e9e ; la Citerne-Basilique, l\u2019un des vestiges les plus impressionnants de l\u2019\u00e9poque byzantine \u00e0 Istanbul, construite dans les sous-sols de la ville\u00a0; promenade au march\u00e9 le Grand bazar ; l\u2019\u00e9glise catholique Sainte Marie des Draperies. <\/span><\/p>\n<p class=\"p1\" style=\"text-align: justify;\"><strong><span class=\"s1\">4<\/span><span class=\"s2\"><sup>e<\/sup><\/span><span class=\"s1\"> jour :<\/span><\/strong><span class=\"s3\"> d\u00e9part vers Nic\u00e9e o\u00f9 se sont tenus deux importants conciles en 325 et 787. Visite de l\u2019ancienne \u00e9glise Sainte-Sophie, aujourd\u2019hui devenue mosqu\u00e9e, o\u00f9 s\u2019est r\u00e9uni le 2<\/span><span class=\"s4\"><sup>e<\/sup><\/span> <span class=\"s3\">concile de Nic\u00e9e. D\u00e9part vers Pergame, installation pour 1 nuit \u00e0 l\u2019h\u00f4tel Labella Bergama (4**** normes locales).<\/span><\/p>\n<p class=\"p1\" style=\"text-align: justify;\"><strong><span class=\"s1\">5<\/span><span class=\"s2\"><sup>e<\/sup><\/span><span class=\"s1\"> jour : <\/span><\/strong><span class=\"s3\">Pergame : visite de l\u2019Ascl\u00e9pi\u00e9ion (centre th\u00e9rapeutique), la Cour rouge (ancien temple am\u00e9nag\u00e9 en basilique consacr\u00e9e \u00e0 saint Jean) ainsi que l\u2019acropole comportant entre autres le temple de Trajan, le temple d\u2019Ath\u00e9na. Visite d\u2019Izmir, anciennement Smyrne, cosmopolite et regardant vers la mer et l\u2019occident. Installation pour une nuit \u00e0 Izmir, h\u00f4tel Mitte Port (4**** normes locales).<img decoding=\"async\" class=\"wp-image-2314 alignright\" src=\"https:\/\/www.pelerinages-namurois.be\/wp-content\/uploads\/2024\/02\/ephese01-scaled.jpg\" alt=\"\" width=\"515\" height=\"340\" srcset=\"https:\/\/www.pelerinages-namurois.be\/wp-content\/uploads\/2024\/02\/ephese01-scaled.jpg 2560w, https:\/\/www.pelerinages-namurois.be\/wp-content\/uploads\/2024\/02\/ephese01-300x198.jpg 300w, https:\/\/www.pelerinages-namurois.be\/wp-content\/uploads\/2024\/02\/ephese01-768x507.jpg 768w, https:\/\/www.pelerinages-namurois.be\/wp-content\/uploads\/2024\/02\/ephese01-1536x1014.jpg 1536w, https:\/\/www.pelerinages-namurois.be\/wp-content\/uploads\/2024\/02\/ephese01-2048x1352.jpg 2048w, https:\/\/www.pelerinages-namurois.be\/wp-content\/uploads\/2024\/02\/ephese01-600x396.jpg 600w\" sizes=\"(max-width: 515px) 100vw, 515px\" \/><\/span><\/p>\n<p class=\"p1\" style=\"text-align: justify;\"><strong><span class=\"s1\">6<\/span><span class=\"s2\"><sup>e<\/sup><\/span><span class=\"s1\"> jour : <\/span><\/strong><span class=\"s3\">visite de Sardes, l\u2019une des sept Eglises de l\u2019Apocalypse. D\u00e9part pour Eph\u00e8se, visites du mus\u00e9e et du site antique d\u2019\u00c9ph\u00e8se : le temple d\u2019Hadrien, les thermes, la biblioth\u00e8que de Celsus, le th\u00e9\u00e2tre, l\u2019Agora. Evocation du Concile d\u2019\u00c9ph\u00e8se dans l\u2019\u00e9glise o\u00f9 ce Concile s\u2019est r\u00e9uni pour r\u00e9pondre \u00e0 la crise Nestorienne. Installation pour 1 nuit \u00e0 l\u2019h\u00f4tel Hitit \u00e0 Eph\u00e8se (4**** normes locales).<\/span><\/p>\n<p class=\"p1\" style=\"text-align: justify;\"><strong><span class=\"s1\">7<\/span><span class=\"s2\"><sup>e<\/sup><\/span><span class=\"s1\"> jour : <\/span><\/strong><span class=\"s3\">Eph\u00e8se : visite de la basilique Saint-Jean construite sur la tombe attribu\u00e9e \u00e0 l\u2019\u00e9vang\u00e9liste Jean, et de la chapelle consacr\u00e9e \u00e0 la Vierge Marie, am\u00e9nag\u00e9e dans ce qui fut peut-\u00eatre une maison o\u00f9 elle v\u00e9cut et mourut. Visite d\u2019Aphrodisias et de la cit\u00e9 antique de Laodic\u00e9e. Logement pour 1 nuit \u00e0 l\u2019h\u00f4tel Colossae Thermal \u00e0 Pamukkale (5***** normes locales).<\/span><\/p>\n<p class=\"p1\" style=\"text-align: justify;\"><strong><span class=\"s1\">8<\/span><span class=\"s2\"><sup>e<\/sup><\/span><span class=\"s1\"> jour : <\/span><\/strong><span class=\"s3\">visite du magnifique site naturel de Pamukkale. D\u00e9part pour Bal\u0131kesir. Visite de cette ville pittoresque qui a conserv\u00e9 des traces de diff\u00e9rentes \u00e9poques, des ruines antiques aux ruines ottomanes. Logement pour 1 nuit \u00e0 Bal\u0131kesir, H\u00f4tel Hilton Garden Inn (3*** normes locales).<\/span><\/p>\n<p class=\"p1\" style=\"text-align: justify;\"><strong><span class=\"s1\">9<\/span><span class=\"s2\"><sup>e<\/sup><\/span><span class=\"s1\"> jour : <\/span><\/strong><span class=\"s3\">d\u00e9part pour Istanbul. Visite de l\u2019\u00e9glise Saint-Antoine de Padoue, la plus grande \u00e9glise catholique romaine d\u2019Istanbul. Retour en Belgique. Arriv\u00e9e en fin de soir\u00e9e.<\/span><\/p>\n<p>&nbsp;<\/p>\n<p class=\"p1\"><span style=\"color: #000080;\"><b>Prix : 1.799 \u20ac\u00a0<\/b><\/span><\/p>\n<p><span style=\"color: #000080;\">Inclus : voyage en avion en classe \u00e9conomique, circuit en car, logement en chambre double et en pension compl\u00e8te du repas du soir du <span class=\"s1\">1<\/span><span class=\"s2\"><sup>er <\/sup><\/span>jour au repas de midi du dernier jour, visites guid\u00e9es mentionn\u00e9es, assurances assistance et annulation, \u00e9couteurs, compensation <span class=\"s1\">CO<\/span><span class=\"s2\"><sub>2 <\/sub><\/span>(21 \u20ac), taxes et pourboires. <\/span><\/p>\n<p><span style=\"color: #000080;\">Non inclus : boissons, repas de midi du 1<span class=\"s2\"><sup>er<\/sup><\/span> jour, repas du soir du dernier jour.<\/span><\/p>\n<p><span style=\"color: #000080;\">Suppl\u00e9ment chambre individuelle : 220 \u20ac<\/span><\/p>\n<p><span style=\"color: #000080;\">Navette a\u00e9roport \u00e9ventuelle : \u00e0 d\u00e9terminer.<\/span><\/p>\n<p><span style=\"color: #000080;\">Rencontres sous r\u00e9serve de changements.<\/span><\/p>\n<p><span style=\"color: #000080;\">P\u00e8lerinage pr\u00e9vu pour personnes valides, autonomes pouvant marcher et suivre un groupe sans probl\u00e8me.<\/span><\/p>\n<p><a href=\"https:\/\/www.pelerinages-namurois.be\/index.php\/inscription-turquie\/\" target=\"_blank\" rel=\"noopener\"><img decoding=\"async\" class=\"alignnone wp-image-192\" src=\"https:\/\/www.pelerinages-namurois.be\/wp-content\/uploads\/2021\/04\/inscription.png\" alt=\"\" width=\"269\" height=\"62\" \/><\/a><\/p>\n","protected":false},"excerpt":{"rendered":"<p>Dates : du 12 au 20 novembre 2024 Animation : M. l&rsquo;abb\u00e9 Anastas Sabw\u00e9, cur\u00e9 d\u2019Yvoir. C\u2019est dans un esprit de d\u00e9couverte de nos origines chr\u00e9tiennes que nous vous invitons \u00e0 parcourir nombre de hauts-lieux symboliques o\u00f9 saint Jean, sainte Marie-Madeleine et la Sainte Vierge ont v\u00e9cu. Creuset de civilisations, la Turquie est aussi un exceptionnel trait d\u2019union entre le &hellip; <\/p>\n","protected":false},"author":1,"featured_media":0,"parent":0,"menu_order":0,"comment_status":"closed","ping_status":"closed","template":"","meta":{"footnotes":""},"class_list":["post-2272","page","type-page","status-publish","hentry"],"_links":{"self":[{"href":"https:\/\/www.pelerinages-namurois.be\/index.php\/wp-json\/wp\/v2\/pages\/2272","targetHints":{"allow":["GET"]}}],"collection":[{"href":"https:\/\/www.pelerinages-namurois.be\/index.php\/wp-json\/wp\/v2\/pages"}],"about":[{"href":"https:\/\/www.pelerinages-namurois.be\/index.php\/wp-json\/wp\/v2\/types\/page"}],"author":[{"embeddable":true,"href":"https:\/\/www.pelerinages-namurois.be\/index.php\/wp-json\/wp\/v2\/users\/1"}],"replies":[{"embeddable":true,"href":"https:\/\/www.pelerinages-namurois.be\/index.php\/wp-json\/wp\/v2\/comments?post=2272"}],"version-history":[{"count":20,"href":"https:\/\/www.pelerinages-namurois.be\/index.php\/wp-json\/wp\/v2\/pages\/2272\/revisions"}],"predecessor-version":[{"id":2448,"href":"https:\/\/www.pelerinages-namurois.be\/index.php\/wp-json\/wp\/v2\/pages\/2272\/revisions\/2448"}],"wp:attachment":[{"href":"https:\/\/www.pelerinages-namurois.be\/index.php\/wp-json\/wp\/v2\/media?parent=2272"}],"curies":[{"name":"wp","href":"https:\/\/api.w.org\/{rel}","templated":true}]}}

<p><img fetchpriority="high" decoding="async" class="wp-image-2275 alignleft" src="https://www.pelerinages-namurois.be/wp-content/uploads/2024/02/DSC00693-Istanbul-Ste-Sophie-scaled.jpg" alt="" width="357" height="534" srcset="https://www.pelerinages-namurois.be/wp-content/uploads/2024/02/DSC00693-Istanbul-Ste-Sophie-scaled.jpg 1714w, https://www.pelerinages-namurois.be/wp-content/uploads/2024/02/DSC00693-Istanbul-Ste-Sophie-201x300.jpg 201w, https://www.pelerinages-namurois.be/wp-content/uploads/2024/02/DSC00693-Istanbul-Ste-Sophie-768x1147.jpg 768w, https://www.pelerinages-namurois.be/wp-content/uploads/2024/02/DSC00693-Istanbul-Ste-Sophie-1028x1536.jpg 1028w, https://www.pelerinages-namurois.be/wp-content/uploads/2024/02/DSC00693-Istanbul-Ste-Sophie-1371x2048.jpg 1371w, https://www.pelerinages-namurois.be/wp-content/uploads/2024/02/DSC00693-Istanbul-Ste-Sophie-600x896.jpg 600w" sizes="(max-width: 357px) 100vw, 357px" /><strong>Dates :</strong> du 12 au 20 novembre 2024</p>
<p style="text-align: justify;"><strong>Animation :</strong> M. l&rsquo;abbé Anastas Sabwé, curé d’Yvoir.</p>
<p><a href="https://www.pelerinages-namurois.be/index.php/inscription-turquie/" target="_blank" rel="noopener"><img decoding="async" class="alignnone wp-image-192" src="https://www.pelerinages-namurois.be/wp-content/uploads/2021/04/inscription.png" alt="" width="269" height="62" /></a></p>
<p style="text-align: justify;"><span style="color: #000080;"><em>C’est dans un esprit de découverte de nos origines chrétiennes que nous vous invitons à parcourir nombre de hauts-lieux symboliques où saint Jean, sainte Marie-Madeleine et la Sainte Vierge ont vécu. Creuset de civilisations, la Turquie est aussi un exceptionnel trait d’union entre le monde européen et le Moyen-Orient. Ses envahisseurs ont laissé leurs traces dans le pays : Byzance, Constantinople, Istanbul… autant de noms que d’étapes historiques et religieuses franchies depuis les premières communautés chrétiennes établies par Paul jusqu’au 21<span class="s2"><sup>e</sup></span> siècle majoritairement musulman. Rares sont les pays dans le monde qui offrent une telle densité de sites historiques dans un cadre aussi varié : mer turquoise, montagnes, fleuves mythiques, paysages lunaires… </em></span></p>
<p class="p1" style="text-align: justify;"><span class="s1"><b>Programme :</b></span></p>
<p class="p1" style="text-align: justify;"><strong><span class="s1">1</span><span class="s2"><sup>er</sup></span></strong><span class="s1"><strong> jour :</strong> </span><span class="s3">vol le matin de Bruxelles vers Istanbul, arrivée en milieu d’après-midi. Premier tour de la ville, transfert et installation pour 3 nuits à l’hôtel Selenay Istanbul (3*** normes locales).</span></p>
<p class="p1" style="text-align: justify;"><strong><span class="s1">2</span><span class="s2"><sup>e</sup></span><span class="s1"> jour : </span></strong><span class="s3">Istanbul : visite du palais Topkapi, siège culturel et administratif de l’ère ottomane établi au 15</span><span class="s4"><sup>e</sup></span><span class="s3"> siècle. Visite du marché aux épices, croisière en bateau privé sur le Bosphore, visite de la cathédrale du Saint-Esprit, principal édifice catholique de la ville. Temps libre.</span></p>
<p class="p1" style="text-align: justify;"><strong><span class="s1">3</span><span class="s2"><sup>e</sup></span><span class="s1"> jour </span></strong><span class="s3"><strong>:</strong> visite de l’Hippodrome, qui était le Centre de la vie sociale et culturelle de Constantinople ; la Mosquée Bleue, le plus grand lieu de culte musulman d’Istanbul ; la Basilique Sainte Sophie, ancien lieu de culte chrétien transformé en mosquée ; la Citerne-Basilique, l’un des vestiges les plus impressionnants de l’époque byzantine à Istanbul, construite dans les sous-sols de la ville ; promenade au marché le Grand bazar ; l’église catholique Sainte Marie des Draperies. </span></p>
<p class="p1" style="text-align: justify;"><strong><span class="s1">4</span><span class="s2"><sup>e</sup></span><span class="s1"> jour :</span></strong><span class="s3"> départ vers Nicée où se sont tenus deux importants conciles en 325 et 787. Visite de l’ancienne église Sainte-Sophie, aujourd’hui devenue mosquée, où s’est réuni le 2</span><span class="s4"><sup>e</sup></span> <span class="s3">concile de Nicée. Départ vers Pergame, installation pour 1 nuit à l’hôtel Labella Bergama (4**** normes locales).</span></p>
<p class="p1" style="text-align: justify;"><strong><span class="s1">5</span><span class="s2"><sup>e</sup></span><span class="s1"> jour : </span></strong><span class="s3">Pergame : visite de l’Asclépiéion (centre thérapeutique), la Cour rouge (ancien temple aménagé en basilique consacrée à saint Jean) ainsi que l’acropole comportant entre autres le temple de Trajan, le temple d’Athéna. Visite d’Izmir, anciennement Smyrne, cosmopolite et regardant vers la mer et l’occident. Installation pour une nuit à Izmir, hôtel Mitte Port (4**** normes locales).<img decoding="async" class="wp-image-2314 alignright" src="https://www.pelerinages-namurois.be/wp-content/uploads/2024/02/ephese01-scaled.jpg" alt="" width="515" height="340" srcset="https://www.pelerinages-namurois.be/wp-content/uploads/2024/02/ephese01-scaled.jpg 2560w, https://www.pelerinages-namurois.be/wp-content/uploads/2024/02/ephese01-300x198.jpg 300w, https://www.pelerinages-namurois.be/wp-content/uploads/2024/02/ephese01-768x507.jpg 768w, https://www.pelerinages-namurois.be/wp-content/uploads/2024/02/ephese01-1536x1014.jpg 1536w, https://www.pelerinages-namurois.be/wp-content/uploads/2024/02/ephese01-2048x1352.jpg 2048w, https://www.pelerinages-namurois.be/wp-content/uploads/2024/02/ephese01-600x396.jpg 600w" sizes="(max-width: 515px) 100vw, 515px" /></span></p>
<p class="p1" style="text-align: justify;"><strong><span class="s1">6</span><span class="s2"><sup>e</sup></span><span class="s1"> jour : </span></strong><span class="s3">visite de Sardes, l’une des sept Eglises de l’Apocalypse. Départ pour Ephèse, visites du musée et du site antique d’Éphèse : le temple d’Hadrien, les thermes, la bibliothèque de Celsus, le théâtre, l’Agora. Evocation du Concile d’Éphèse dans l’église où ce Concile s’est réuni pour répondre à la crise Nestorienne. Installation pour 1 nuit à l’hôtel Hitit à Ephèse (4**** normes locales).</span></p>
<p class="p1" style="text-align: justify;"><strong><span class="s1">7</span><span class="s2"><sup>e</sup></span><span class="s1"> jour : </span></strong><span class="s3">Ephèse : visite de la basilique Saint-Jean construite sur la tombe attribuée à l’évangéliste Jean, et de la chapelle consacrée à la Vierge Marie, aménagée dans ce qui fut peut-être une maison où elle vécut et mourut. Visite d’Aphrodisias et de la cité antique de Laodicée. Logement pour 1 nuit à l’hôtel Colossae Thermal à Pamukkale (5***** normes locales).</span></p>
<p class="p1" style="text-align: justify;"><strong><span class="s1">8</span><span class="s2"><sup>e</sup></span><span class="s1"> jour : </span></strong><span class="s3">visite du magnifique site naturel de Pamukkale. Départ pour Balıkesir. Visite de cette ville pittoresque qui a conservé des traces de différentes époques, des ruines antiques aux ruines ottomanes. Logement pour 1 nuit à Balıkesir, Hôtel Hilton Garden Inn (3*** normes locales).</span></p>
<p class="p1" style="text-align: justify;"><strong><span class="s1">9</span><span class="s2"><sup>e</sup></span><span class="s1"> jour : </span></strong><span class="s3">départ pour Istanbul. Visite de l’église Saint-Antoine de Padoue, la plus grande église catholique romaine d’Istanbul. Retour en Belgique. Arrivée en fin de soirée.</span></p>
<p>&nbsp;</p>
<p class="p1"><span style="color: #000080;"><b>Prix : 1.799 € </b></span></p>
<p><span style="color: #000080;">Inclus : voyage en avion en classe économique, circuit en car, logement en chambre double et en pension complète du repas du soir du <span class="s1">1</span><span class="s2"><sup>er </sup></span>jour au repas de midi du dernier jour, visites guidées mentionnées, assurances assistance et annulation, écouteurs, compensation <span class="s1">CO</span><span class="s2"><sub>2 </sub></span>(21 €), taxes et pourboires. </span></p>
<p><span style="color: #000080;">Non inclus : boissons, repas de midi du 1<span class="s2"><sup>er</sup></span> jour, repas du soir du dernier jour.</span></p>
<p><span style="color: #000080;">Supplément chambre individuelle : 220 €</span></p>
<p><span style="color: #000080;">Navette aéroport éventuelle : à déterminer.</span></p>
<p><span style="color: #000080;">Rencontres sous réserve de changements.</span></p>
<p><span style="color: #000080;">Pèlerinage prévu pour personnes valides, autonomes pouvant marcher et suivre un groupe sans problème.</span></p>
<p><a href="https://www.pelerinages-namurois.be/index.php/inscription-turquie/" target="_blank" rel="noopener"><img decoding="async" class="alignnone wp-image-192" src="https://www.pelerinages-namurois.be/wp-content/uploads/2021/04/inscription.png" alt="" width="269" height="62" /></a></p>

<p>Dates : du 12 au 20 novembre 2024 Animation : M. l&rsquo;abbé Anastas Sabwé, curé d’Yvoir. C’est dans un esprit de découverte de nos origines chrétiennes que nous vous invitons à parcourir nombre de hauts-lieux symboliques où saint Jean, sainte Marie-Madeleine et la Sainte Vierge ont vécu. Creuset de civilisations, la Turquie est aussi un exceptionnel trait d’union entre le &hellip; </p>
