{"id":2258,"date":"2024-02-08T09:15:01","date_gmt":"2024-02-08T09:15:01","guid":{"rendered":"https:\/\/www.pelerinages-namurois.be\/?page_id=2258"},"modified":"2026-02-17T16:29:46","modified_gmt":"2026-02-17T16:29:46","slug":"lisieux-2","status":"publish","type":"page","link":"https:\/\/www.pelerinages-namurois.be\/index.php\/lisieux-2\/","title":{"rendered":"Lisieux et Alen\u00e7on"},"content":{"rendered":"<p style=\"text-align: justify;\"><strong><img fetchpriority=\"high\" decoding=\"async\" class=\"wp-image-2134 alignleft\" src=\"https:\/\/www.pelerinages-namurois.be\/wp-content\/uploads\/2024\/01\/IMG_3579.jpg\" alt=\"\" width=\"470\" height=\"352\" srcset=\"https:\/\/www.pelerinages-namurois.be\/wp-content\/uploads\/2024\/01\/IMG_3579.jpg 1707w, https:\/\/www.pelerinages-namurois.be\/wp-content\/uploads\/2024\/01\/IMG_3579-300x225.jpg 300w, https:\/\/www.pelerinages-namurois.be\/wp-content\/uploads\/2024\/01\/IMG_3579-768x576.jpg 768w, https:\/\/www.pelerinages-namurois.be\/wp-content\/uploads\/2024\/01\/IMG_3579-1536x1152.jpg 1536w, https:\/\/www.pelerinages-namurois.be\/wp-content\/uploads\/2024\/01\/IMG_3579-600x450.jpg 600w\" sizes=\"(max-width: 470px) 100vw, 470px\" \/>Dates :<\/strong> du 28 septembre au 2 octobre 2026<\/p>\n<p style=\"text-align: justify;\"><strong>Animation :<\/strong> Animation M. l\u2019abb\u00e9 Aimable Rukundo, pr\u00eatre dans le dioc\u00e8se de Li\u00e8ge.<\/p>\n<p><a href=\"https:\/\/www.pelerinages-namurois.be\/index.php\/inscriptions-2\/\" target=\"_blank\" rel=\"noopener\"><img decoding=\"async\" class=\"alignnone wp-image-192\" src=\"https:\/\/www.pelerinages-namurois.be\/wp-content\/uploads\/2021\/04\/inscription.png\" alt=\"\" width=\"269\" height=\"62\" \/><\/a><\/p>\n<p style=\"text-align: justify;\"><span style=\"color: #013579;\"><em>Nous vous proposons de nous accompagner vers Lisieux sur les pas de sainte Th\u00e9r\u00e8se. Nous d\u00e9couvrirons les lieux o\u00f9 v\u00e9curent Th\u00e9r\u00e8se et sa famille, et nous nous interrogerons sur les enseignements de cette grande sainte qui a pass\u00e9 sa vie \u00e0 nous faire entrevoir le visage de Dieu, un visage d\u2019amour et de bont\u00e9. <\/em><\/span><\/p>\n<p style=\"text-align: justify;\"><span style=\"color: #013579;\"><em>Le 1er octobre, nous aurons la joie de participer aux activit\u00e9s pr\u00e9vues par le Sanctuaire \u00e0 l\u2019occasion de la f\u00eate de sainte Th\u00e9r\u00e8se. <\/em><\/span><\/p>\n<p style=\"text-align: justify;\"><span style=\"color: #013579;\"><em>Ce p\u00e8lerinage sera \u00e9galement enrichi par une excursion \u00e0 Alen\u00e7on, ville natale de sainte Th\u00e9r\u00e8se, o\u00f9 nous d\u00e9couvrirons la maison de ses parents, saints Louis et Z\u00e9lie Martin.<\/em><\/span><\/p>\n<p class=\"p1\" style=\"text-align: justify;\"><span class=\"s1\"><b>PROGRAMME<\/b><\/span><\/p>\n<p class=\"p1\"><strong><span class=\"s1\">1<\/span><span class=\"s2\"><sup>er<\/sup><\/span><span class=\"s1\"> jour :<\/span><\/strong><span class=\"s3\"> d\u00e9part le matin depuis Li\u00e8ge, Namur, Charleroi et Mons. Arriv\u00e9e \u00e0 Lisieux en fin d\u2019apr\u00e8s-midi, installation \u00e0 l\u2019Ermitage Sainte-Th\u00e9r\u00e8se (maison religieuse) pour la dur\u00e9e du s\u00e9jour. Messe \u00e0 l\u2019Ermitage.<\/span><\/p>\n<p><img decoding=\"async\" class=\"wp-image-3089 alignright\" src=\"https:\/\/www.pelerinages-namurois.be\/wp-content\/uploads\/2026\/02\/alencon.jpg\" alt=\"\" width=\"408\" height=\"272\" srcset=\"https:\/\/www.pelerinages-namurois.be\/wp-content\/uploads\/2026\/02\/alencon.jpg 1920w, https:\/\/www.pelerinages-namurois.be\/wp-content\/uploads\/2026\/02\/alencon-300x200.jpg 300w, https:\/\/www.pelerinages-namurois.be\/wp-content\/uploads\/2026\/02\/alencon-768x511.jpg 768w, https:\/\/www.pelerinages-namurois.be\/wp-content\/uploads\/2026\/02\/alencon-1536x1022.jpg 1536w, https:\/\/www.pelerinages-namurois.be\/wp-content\/uploads\/2026\/02\/alencon-450x301.jpg 450w, https:\/\/www.pelerinages-namurois.be\/wp-content\/uploads\/2026\/02\/alencon-600x399.jpg 600w\" sizes=\"(max-width: 408px) 100vw, 408px\" \/><\/p>\n<p class=\"p1\"><strong><span class=\"s1\">2<\/span><span class=\"s2\"><sup>e<\/sup><\/span><span class=\"s1\"> jour :<\/span><\/strong><span class=\"s3\"> visite du mus\u00e9e et de la tombe de sainte Th\u00e9r\u00e8se au Carmel. Messe \u00e0 la chapelle du Carmel avec les s\u0153urs.<\/span><\/p>\n<p class=\"p1\"><strong><span class=\"s1\">3<\/span><span class=\"s2\"><sup>e<\/sup><\/span><span class=\"s1\"> jour :<\/span><\/strong><span class=\"s3\"> route vers Alen\u00e7on. Visite de la maison natale de Th\u00e9r\u00e8se. Au retour, arr\u00eat \u00e0 la cath\u00e9drale de S\u00e9es. Soir\u00e9e \u00e0 Lisieux pour le d\u00e9but des festivit\u00e9s de la sainte Th\u00e9r\u00e8se.<\/span><\/p>\n<p class=\"p1\"><strong><span class=\"s1\">4<\/span><span class=\"s2\"><sup>e<\/sup><\/span><span class=\"s1\"> jour :<\/span><\/strong><span class=\"s3\"> journ\u00e9e \u00e0 Lisieux pour la f\u00eate de sainte Th\u00e9r\u00e8se : messe solennelle, pri\u00e8re d\u2019intercession pr\u00e8s du reliquaire de Th\u00e9r\u00e8se. Visite guid\u00e9e de la cath\u00e9drale et de la basilique de Lisieux. <\/span><\/p>\n<p class=\"p1\"><strong><span class=\"s1\">5<\/span><span class=\"s2\"><sup>e<\/sup><\/span><span class=\"s1\"> jour :<\/span><\/strong><span class=\"s3\"> temps libre \u00e0 Lisieux et retour en Belgique, arriv\u00e9e en soir\u00e9e aux m\u00eames lieux qu\u2019\u00e0 l\u2019aller.<\/span><b><\/b><\/p>\n<p>&nbsp;<\/p>\n<p class=\"p1\"><span style=\"color: #013f85;\"><b>Prix : 599 \u20ac\u00a0<\/b><\/span><\/p>\n<p><span style=\"color: #013f85;\">Inclus : transport en car, logement en maison religieuse de confort simple, pension compl\u00e8te en chambre double du repas du soir du premier jour au repas de midi du dernier jour, eau aux repas, visites, taxes, pourboires, assurances assistance et annulation. Non-inclus : repas de midi du 1er jour, repas du soir du dernier jour, boissons suppl\u00e9mentaires.<\/span><\/p>\n<p><span style=\"color: #013f85;\">Suppl\u00e9ment ch. indivduelle : 95 \u20ac<\/span><\/p>\n<p><span style=\"color: #013f85;\">P\u00e8lerinage pr\u00e9vu pour personnes valides, autonomes pouvant marcher et suivre un groupe sans probl\u00e8me.<\/span><\/p>\n<p><a href=\"https:\/\/www.pelerinages-namurois.be\/index.php\/inscriptions-2\/\" target=\"_blank\" rel=\"noopener\"><img decoding=\"async\" class=\"alignnone wp-image-192\" src=\"https:\/\/www.pelerinages-namurois.be\/wp-content\/uploads\/2021\/04\/inscription.png\" alt=\"\" width=\"269\" height=\"62\" \/><\/a><\/p>\n","protected":false},"excerpt":{"rendered":"<p>Dates : du 28 septembre au 2 octobre 2026 Animation : Animation M. l\u2019abb\u00e9 Aimable Rukundo, pr\u00eatre dans le dioc\u00e8se de Li\u00e8ge. Nous vous proposons de nous accompagner vers Lisieux sur les pas de sainte Th\u00e9r\u00e8se. Nous d\u00e9couvrirons les lieux o\u00f9 v\u00e9curent Th\u00e9r\u00e8se et sa famille, et nous nous interrogerons sur les enseignements de cette grande sainte qui a pass\u00e9 &hellip; <\/p>\n","protected":false},"author":1,"featured_media":0,"parent":0,"menu_order":0,"comment_status":"closed","ping_status":"closed","template":"","meta":{"footnotes":""},"class_list":["post-2258","page","type-page","status-publish","hentry"],"_links":{"self":[{"href":"https:\/\/www.pelerinages-namurois.be\/index.php\/wp-json\/wp\/v2\/pages\/2258","targetHints":{"allow":["GET"]}}],"collection":[{"href":"https:\/\/www.pelerinages-namurois.be\/index.php\/wp-json\/wp\/v2\/pages"}],"about":[{"href":"https:\/\/www.pelerinages-namurois.be\/index.php\/wp-json\/wp\/v2\/types\/page"}],"author":[{"embeddable":true,"href":"https:\/\/www.pelerinages-namurois.be\/index.php\/wp-json\/wp\/v2\/users\/1"}],"replies":[{"embeddable":true,"href":"https:\/\/www.pelerinages-namurois.be\/index.php\/wp-json\/wp\/v2\/comments?post=2258"}],"version-history":[{"count":20,"href":"https:\/\/www.pelerinages-namurois.be\/index.php\/wp-json\/wp\/v2\/pages\/2258\/revisions"}],"predecessor-version":[{"id":3092,"href":"https:\/\/www.pelerinages-namurois.be\/index.php\/wp-json\/wp\/v2\/pages\/2258\/revisions\/3092"}],"wp:attachment":[{"href":"https:\/\/www.pelerinages-namurois.be\/index.php\/wp-json\/wp\/v2\/media?parent=2258"}],"curies":[{"name":"wp","href":"https:\/\/api.w.org\/{rel}","templated":true}]}}