{"id":125,"date":"2021-04-13T09:37:03","date_gmt":"2021-04-13T09:37:03","guid":{"rendered":"https:\/\/www.pelerinages-namurois.be\/?page_id=125"},"modified":"2026-02-24T13:02:32","modified_gmt":"2026-02-24T13:02:32","slug":"lourdes-hospitaliers","status":"publish","type":"page","link":"https:\/\/www.pelerinages-namurois.be\/index.php\/destinations\/lourdes\/lourdes-hospitaliers\/","title":{"rendered":"Lourdes Hospitaliers"},"content":{"rendered":"<p><strong>Venez renforcer l&rsquo;\u00e9quipe d&rsquo;hospitalier(e)s !<\/strong><\/p>\n<p><img fetchpriority=\"high\" decoding=\"async\" class=\"wp-image-2455 alignleft\" src=\"https:\/\/www.pelerinages-namurois.be\/wp-content\/uploads\/2024\/02\/DSCF9838-scaled.jpg\" alt=\"\" width=\"533\" height=\"353\" srcset=\"https:\/\/www.pelerinages-namurois.be\/wp-content\/uploads\/2024\/02\/DSCF9838-scaled.jpg 2560w, https:\/\/www.pelerinages-namurois.be\/wp-content\/uploads\/2024\/02\/DSCF9838-300x199.jpg 300w, https:\/\/www.pelerinages-namurois.be\/wp-content\/uploads\/2024\/02\/DSCF9838-768x508.jpg 768w, https:\/\/www.pelerinages-namurois.be\/wp-content\/uploads\/2024\/02\/DSCF9838-1536x1017.jpg 1536w, https:\/\/www.pelerinages-namurois.be\/wp-content\/uploads\/2024\/02\/DSCF9838-2048x1356.jpg 2048w, https:\/\/www.pelerinages-namurois.be\/wp-content\/uploads\/2024\/02\/DSCF9838-600x397.jpg 600w\" sizes=\"(max-width: 533px) 100vw, 533px\" \/><\/p>\n<p style=\"text-align: left;\"><a href=\"https:\/\/www.pelerinages-namurois.be\/index.php\/documents-hospitalite\/\" target=\"_blank\" rel=\"noopener\"><em><span style=\"color: #993300;\">D\u00e9couvrez <strong><u>ici<\/u><\/strong> :<\/span><\/em><\/a><\/p>\n<p style=\"text-align: left;\"><em><span style=\"color: #993300;\">&#8211;\u00a0 le livret de l\u2019Hospitalit\u00e9 de Namur \u00e0 Lourdes<\/span><\/em><\/p>\n<p><em><span style=\"color: #993300;\">&#8211; la charte de protection des mineurs et des personnes vuln\u00e9rables<\/span><\/em><\/p>\n<p><strong>\u00a0<\/strong><span style=\"text-decoration: underline;\"><strong>Dates :<\/strong><\/span><\/p>\n<p>du 3 au 9 septembre 2026<\/p>\n<p><a href=\"https:\/\/www.pelerinages-namurois.be\/index.php\/inscription-lourdes\/\" target=\"_blank\" rel=\"noopener\"><img decoding=\"async\" class=\"alignnone wp-image-192\" src=\"https:\/\/www.pelerinages-namurois.be\/wp-content\/uploads\/2021\/04\/inscription.png\" alt=\"\" width=\"252\" height=\"58\" \/><\/a><\/p>\n<p style=\"; text-align: justify;\"><span style=\"color: #013579;\"><em>Un hospitalier ou une hospitali\u00e8re est un p\u00e8lerin au service des personnes malades ou handicap\u00e9es.<\/em><\/span><\/p>\n<p style=\"; text-align: justify;\"><span style=\"color: #013579;\"><em>Malades et b\u00e9n\u00e9voles forment l&rsquo;Hospitalit\u00e9. Au-del\u00e0 et \u00e0 travers le service qu&rsquo;ils rendent, ils vivent une fraternit\u00e9 unique et une exp\u00e9rience enrichissante.<\/em><\/span><\/p>\n<p style=\"; text-align: justify;\"><span style=\"color: #013579;\"><em>Aucune comp\u00e9tence particuli\u00e8re n&rsquo;est requise, chacun apportant son aide en fonction de ses possibilit\u00e9s\u00a0: conduite des voiturettes, aide aux chargements et d\u00e9chargements du train,\u00a0service de table, rangement des chambres&#8230; L&rsquo;Hospitalit\u00e9 est encadr\u00e9e par des m\u00e9decins et infirmier(e)s qui veillent sur chaque personne malade et par des responsables qui vous aideront \u00e0 remplir au mieux votre engagement<\/em><\/span><\/p>\n<p style=\"; text-align: justify;\"><span style=\"color: #013579;\"><em>Les hospitaliers qui logent en h\u00f4tel ont droit \u00e0 une r\u00e9duction sur les voyages effectu\u00e9s en TGV.<\/em><\/span><\/p>\n<p style=\"; text-align: justify;\"><span style=\"color: #013579;\"><em>Des logements \u00e0 prix r\u00e9duits sont \u00e9galement propos\u00e9s aux hospitaliers qui le d\u00e9sirent.\u00a0Il est par ailleurs\u00a0possible de r\u00e9server dans d&rsquo;autres h\u00f4tels.<\/em><\/span><\/p>\n<p style=\"; text-align: justify;\"><span style=\"color: #013579;\"><em>Si vous souhaitez rendre ce service, indiquez-le sur le bulletin d&rsquo;inscription.<\/em><\/span><\/p>\n<p><span style=\"text-decoration: underline; color: #013579;\"><em><strong>Horaires \u2013 Voyage de jour<\/strong><\/em><\/span><\/p>\n<p>TGV affr\u00e9t\u00e9 uniquement pour les p\u00e8lerins. D\u00e9part pr\u00e9vu le matin vers 09h45 depuis Charleville-M\u00e9zi\u00e8res. Arriv\u00e9e \u00e0 Lourdes, sans changement, vers 17h15.<\/p>\n<p><strong>Navettes en car (aller\/retour) : <\/strong>des cars sont pr\u00e9vus pour se rendre \u00e0 la gare de Charleville-M\u00e9zi\u00e8res au d\u00e9part de :<\/p>\n<p class=\"p1\">Ach\u00eane &#8211; Arlon &#8211; Bastogne &#8211; Bi\u00e8vre &#8211; Bouillon &#8211; Couvin &#8211; Fleurus &#8211; Florenville &#8211; Libramont &#8211; Marche &#8211; Namur &#8211; Philippeville &#8211; Wellin.<\/p>\n<p>&nbsp;<\/p>\n<p><span style=\"text-decoration: underline; color: #013579;\"><em><strong>Jeunes au service des malades :<\/strong><\/em><\/span><\/p>\n<p style=\"text-align: justify;\">Si tu as entre 18 et 25 ans, tu peux aussi apporter ton aide aux personnes malades et handicap\u00e9es.\u2008Au p\u00e8lerinage de septembre, ton aide sera pr\u00e9cieuse.\u2008Chaque ann\u00e9e, de nombreux jeunes font cette d\u00e9marche intense de solidarit\u00e9 et d&rsquo;amiti\u00e9 au travers de ce b\u00e9n\u00e9volat.<br \/>\nPour un prix plancher, toi aussi, tu peux faire cette exp\u00e9rience hors normes que tu n&rsquo;es pas pr\u00eat(e) d&rsquo;oublier.<\/p>\n<p>&nbsp;<\/p>\n<p><span style=\"text-decoration: underline; color: #013579;\"><em><strong>Tarif adultes :<\/strong><\/em><\/span><\/p>\n<p>Prix r\u00e9duit en logement pour hospitaliers ou r\u00e9duction de 70 \u20ac en h\u00f4tel.<\/p>\n<p style=\"text-align: justify;\"><a href=\"https:\/\/www.pelerinages-namurois.be\/wp-content\/uploads\/2026\/02\/lds26.png\" target=\"_blank\" rel=\"noopener\">Voir le tableau des tarifs (cliquez sur l&rsquo;image)<\/a><\/p>\n<p><a href=\"https:\/\/www.pelerinages-namurois.be\/wp-content\/uploads\/2026\/02\/lds26.png\" data-src=\"https:\/\/www.pelerinages-namurois.be\/wp-content\/uploads\/2026\/02\/lds26.png\" data-thumb=\"https:\/\/www.pelerinages-namurois.be\/wp-content\/uploads\/2026\/02\/lds26.png\" class=\"ml-lightbox-enabled\"><img decoding=\"async\" class=\"alignnone wp-image-3099\" src=\"https:\/\/www.pelerinages-namurois.be\/wp-content\/uploads\/2026\/02\/lds26.png\" alt=\"\" width=\"328\" height=\"453\" srcset=\"https:\/\/www.pelerinages-namurois.be\/wp-content\/uploads\/2026\/02\/lds26.png 1354w, https:\/\/www.pelerinages-namurois.be\/wp-content\/uploads\/2026\/02\/lds26-217x300.png 217w, https:\/\/www.pelerinages-namurois.be\/wp-content\/uploads\/2026\/02\/lds26-768x1061.png 768w, https:\/\/www.pelerinages-namurois.be\/wp-content\/uploads\/2026\/02\/lds26-1112x1536.png 1112w, https:\/\/www.pelerinages-namurois.be\/wp-content\/uploads\/2026\/02\/lds26-600x829.png 600w\" sizes=\"(max-width: 328px) 100vw, 328px\" \/><\/a><\/p>\n<p>&nbsp;<\/p>\n<p><span style=\"color: #013579;\"><strong><span style=\"text-decoration: underline;\"><em>.<\/em><em> Tarif jeunes de 18 \u00e0 25 ans :<\/em><\/span><\/strong><\/span><\/p>\n<p>&#8211; prix \u00e9tudiant : 310 \u20ac \u00e0 l&rsquo;Abri Saint-Michel ou 390 \u20ac au Foyer Ave Maria <em><span style=\"text-align: justify; font-size: 15px; line-height: 1.3em;\">(prix \u00e9tudiant ou demandeur d&#8217;emploi. En cas de bourse des Amis de Lourdes, nous r\u00e9clamons le montant total de celle-ci jusqu&rsquo;\u00e0 un maximum de 483 \u20ac, le prix \u00e9tudiant ne couvrant pas la totalit\u00e9 des frais expos\u00e9s).<\/span><\/em><\/p>\n<p>&#8211; prix travailleur : 410 \u20ac \u00e0 l&rsquo;Abri Saint-Michel ou 490 \u20ac au Foyer Ave Maria.<\/p>\n<p>Inclus : transfert en car, voyage en tgv, logement en pension compl\u00e8te en logement pour hospitaliers, assurances assistance et annulation.<\/p>\n<p>Non-inclus : repas dans le TGV, boissons.<\/p>\n<p>&nbsp;<\/p>\n<p style=\"text-align: justify;\"><a href=\"https:\/\/www.pelerinages-namurois.be\/index.php\/inscription-lourdes\/\" target=\"_blank\" rel=\"noopener\"><img loading=\"lazy\" decoding=\"async\" class=\"alignnone wp-image-192\" src=\"https:\/\/www.pelerinages-namurois.be\/wp-content\/uploads\/2021\/04\/inscription.png\" alt=\"\" width=\"269\" height=\"62\" \/><\/a><\/p>\n<p style=\"text-align: justify;\">\n","protected":false},"excerpt":{"rendered":"<p>Venez renforcer l&rsquo;\u00e9quipe d&rsquo;hospitalier(e)s ! D\u00e9couvrez ici : &#8211;\u00a0 le livret de l\u2019Hospitalit\u00e9 de Namur \u00e0 Lourdes &#8211; la charte de protection des mineurs et des personnes vuln\u00e9rables \u00a0Dates : du 3 au 9 septembre 2026 Un hospitalier ou une hospitali\u00e8re est un p\u00e8lerin au service des personnes malades ou handicap\u00e9es. Malades et b\u00e9n\u00e9voles forment l&rsquo;Hospitalit\u00e9. Au-del\u00e0 et \u00e0 travers &hellip; <\/p>\n","protected":false},"author":1,"featured_media":0,"parent":91,"menu_order":0,"comment_status":"closed","ping_status":"closed","template":"","meta":{"footnotes":""},"class_list":["post-125","page","type-page","status-publish","hentry"],"_links":{"self":[{"href":"https:\/\/www.pelerinages-namurois.be\/index.php\/wp-json\/wp\/v2\/pages\/125","targetHints":{"allow":["GET"]}}],"collection":[{"href":"https:\/\/www.pelerinages-namurois.be\/index.php\/wp-json\/wp\/v2\/pages"}],"about":[{"href":"https:\/\/www.pelerinages-namurois.be\/index.php\/wp-json\/wp\/v2\/types\/page"}],"author":[{"embeddable":true,"href":"https:\/\/www.pelerinages-namurois.be\/index.php\/wp-json\/wp\/v2\/users\/1"}],"replies":[{"embeddable":true,"href":"https:\/\/www.pelerinages-namurois.be\/index.php\/wp-json\/wp\/v2\/comments?post=125"}],"version-history":[{"count":40,"href":"https:\/\/www.pelerinages-namurois.be\/index.php\/wp-json\/wp\/v2\/pages\/125\/revisions"}],"predecessor-version":[{"id":3106,"href":"https:\/\/www.pelerinages-namurois.be\/index.php\/wp-json\/wp\/v2\/pages\/125\/revisions\/3106"}],"up":[{"embeddable":true,"href":"https:\/\/www.pelerinages-namurois.be\/index.php\/wp-json\/wp\/v2\/pages\/91"}],"wp:attachment":[{"href":"https:\/\/www.pelerinages-namurois.be\/index.php\/wp-json\/wp\/v2\/media?parent=125"}],"curies":[{"name":"wp","href":"https:\/\/api.w.org\/{rel}","templated":true}]}}