{"id":12,"date":"2021-04-07T13:58:31","date_gmt":"2021-04-07T13:58:31","guid":{"rendered":"https:\/\/www.pelerinages-namurois.be\/?page_id=12"},"modified":"2023-12-15T08:39:48","modified_gmt":"2023-12-15T08:39:48","slug":"contact","status":"publish","type":"page","link":"https:\/\/www.pelerinages-namurois.be\/index.php\/contact\/","title":{"rendered":"Contact"},"content":{"rendered":"\r\n<p>P\u00e8lerinages Namurois<br \/>Rue du S\u00e9minaire, 6<br \/>5000 Namur (BE)<\/p>\r\n<p><em>Les P\u00e8lerinages Namurois sont une organisation de Terre de sens a.s.b.l.<\/em><\/p>\r\n<p>Tel : +32(0)81.22.19.68\u00a0 &#8211;\u00a0\u00a0Mail : <a href=\"mailto:contact@terredesens.be\"><span id=\"cloak75031\">contact@terredesens.be<\/span><\/a><\/p>\r\n<p>Nos bureaux sont ouverts du lundi au vendredi de 09h00 \u00e0 12h30 et de 13h30 \u00e0 17h00. Afin de mieux traiter vos dossiers et de mieux vous accueillir, nous vous demandons de nous contacter de pr\u00e9f\u00e9rence le matin.<\/p>\r\n","protected":false},"excerpt":{"rendered":"<p>P\u00e8lerinages NamuroisRue du S\u00e9minaire, 65000 Namur (BE) Les P\u00e8lerinages Namurois sont une organisation de Terre de sens a.s.b.l. Tel : +32(0)81.22.19.68\u00a0 &#8211;\u00a0\u00a0Mail : contact@terredesens.be Nos bureaux sont ouverts du lundi au vendredi de 09h00 \u00e0 12h30 et de 13h30 \u00e0 17h00. Afin de mieux traiter vos dossiers et de mieux vous accueillir, nous vous demandons de nous contacter de pr\u00e9f\u00e9rence &hellip; <\/p>\n","protected":false},"author":1,"featured_media":0,"parent":0,"menu_order":0,"comment_status":"closed","ping_status":"closed","template":"","meta":{"footnotes":""},"class_list":["post-12","page","type-page","status-publish","hentry"],"_links":{"self":[{"href":"https:\/\/www.pelerinages-namurois.be\/index.php\/wp-json\/wp\/v2\/pages\/12","targetHints":{"allow":["GET"]}}],"collection":[{"href":"https:\/\/www.pelerinages-namurois.be\/index.php\/wp-json\/wp\/v2\/pages"}],"about":[{"href":"https:\/\/www.pelerinages-namurois.be\/index.php\/wp-json\/wp\/v2\/types\/page"}],"author":[{"embeddable":true,"href":"https:\/\/www.pelerinages-namurois.be\/index.php\/wp-json\/wp\/v2\/users\/1"}],"replies":[{"embeddable":true,"href":"https:\/\/www.pelerinages-namurois.be\/index.php\/wp-json\/wp\/v2\/comments?post=12"}],"version-history":[{"count":13,"href":"https:\/\/www.pelerinages-namurois.be\/index.php\/wp-json\/wp\/v2\/pages\/12\/revisions"}],"predecessor-version":[{"id":2098,"href":"https:\/\/www.pelerinages-namurois.be\/index.php\/wp-json\/wp\/v2\/pages\/12\/revisions\/2098"}],"wp:attachment":[{"href":"https:\/\/www.pelerinages-namurois.be\/index.php\/wp-json\/wp\/v2\/media?parent=12"}],"curies":[{"name":"wp","href":"https:\/\/api.w.org\/{rel}","templated":true}]}}